Last updated on 2025-10-31 13:50:50 CET.
| Flavor | Version | Tinstall | Tcheck | Ttotal | Status | Flags | 
|---|---|---|---|---|---|---|
| r-devel-linux-x86_64-debian-clang | 4.0.7 | 1.70 | 35.42 | 37.12 | NOTE | |
| r-devel-linux-x86_64-debian-gcc | 4.0.7 | 1.31 | 27.78 | 29.09 | NOTE | |
| r-devel-linux-x86_64-fedora-clang | 4.0.7 | 55.62 | NOTE | |||
| r-devel-linux-x86_64-fedora-gcc | 4.0.7 | 54.45 | NOTE | |||
| r-devel-windows-x86_64 | 4.0.7 | 3.00 | 54.00 | 57.00 | OK | |
| r-patched-linux-x86_64 | 4.0.7 | 1.96 | 33.79 | 35.75 | OK | |
| r-release-linux-x86_64 | 4.0.7 | 1.60 | 34.20 | 35.80 | OK | |
| r-release-macos-arm64 | 4.0.7 | 1.00 | 22.00 | 23.00 | OK | |
| r-release-macos-x86_64 | 4.0.7 | 2.00 | 42.00 | 44.00 | OK | |
| r-release-windows-x86_64 | 4.0.7 | 3.00 | 55.00 | 58.00 | OK | |
| r-oldrel-macos-arm64 | 4.0.7 | 1.00 | 22.00 | 23.00 | NOTE | |
| r-oldrel-macos-x86_64 | 4.0.7 | 1.00 | 29.00 | 30.00 | NOTE | |
| r-oldrel-windows-x86_64 | 4.0.7 | 4.00 | 63.00 | 67.00 | NOTE | 
Version: 4.0.7
Check: CRAN incoming feasibility
Result: NOTE
  Maintainer: ‘Olivier Blarquez <blarquez@gmail.com>’
  
  No Authors@R field in DESCRIPTION.
  Please add one, modifying
    Authors@R: c(person(given = c("Global", "Paleofire", "Working"),
                        family = "Group",
                        role = "aut",
                        email = "paleofire@univ-fcomte.fr"),
                 person(given = "Olivier",
                        family = "Blarquez",
                        role = "cre",
                        email = "blarquez@gmail.com"))
  as necessary.
Flavors: r-devel-linux-x86_64-debian-clang, r-devel-linux-x86_64-debian-gcc
Version: 4.0.7
Check: dependencies in R code
Result: NOTE
  Namespace in Imports field not imported from: ‘raster’
    All declared Imports should be used.
Flavors: r-devel-linux-x86_64-fedora-clang, r-devel-linux-x86_64-fedora-gcc
Version: 4.0.7
Check: package dependencies
Result: NOTE
  Package suggested but not available for checking: ‘paleofire’
Flavors: r-oldrel-macos-arm64, r-oldrel-macos-x86_64, r-oldrel-windows-x86_64