Last updated on 2025-10-31 13:50:51 CET.
| Flavor | Version | Tinstall | Tcheck | Ttotal | Status | Flags | 
|---|---|---|---|---|---|---|
| r-devel-linux-x86_64-debian-clang | 1.1.5 | 12.30 | 65.69 | 77.99 | NOTE | |
| r-devel-linux-x86_64-debian-gcc | 1.1.5 | 8.30 | 45.69 | 53.99 | NOTE | |
| r-devel-linux-x86_64-fedora-clang | 1.1.5 | 30.00 | 91.28 | 121.28 | OK | |
| r-devel-linux-x86_64-fedora-gcc | 1.1.5 | 25.00 | 85.39 | 110.39 | OK | |
| r-devel-windows-x86_64 | 1.1.5 | 14.00 | 73.00 | 87.00 | OK | |
| r-patched-linux-x86_64 | 1.1.5 | 11.79 | 63.58 | 75.37 | OK | |
| r-release-linux-x86_64 | 1.1.5 | 12.86 | 64.05 | 76.91 | OK | |
| r-release-macos-arm64 | 1.1.5 | 5.00 | 27.00 | 32.00 | OK | |
| r-release-macos-x86_64 | 1.1.5 | 13.00 | 50.00 | 63.00 | OK | |
| r-release-windows-x86_64 | 1.1.5 | 13.00 | 74.00 | 87.00 | OK | |
| r-oldrel-macos-arm64 | 1.1.5 | 5.00 | 25.00 | 30.00 | OK | |
| r-oldrel-macos-x86_64 | 1.1.5 | 16.00 | 43.00 | 59.00 | OK | |
| r-oldrel-windows-x86_64 | 1.1.5 | 19.00 | 85.00 | 104.00 | OK | 
Version: 1.1.5
Check: CRAN incoming feasibility
Result: NOTE
  Maintainer: ‘Andreas Groll <groll@mathematik.uni-muenchen.de>’
  
  No Authors@R field in DESCRIPTION.
  Please add one, modifying
    Authors@R: person(given = "Andreas",
                      family = "Groll",
                      role = c("aut", "cre"),
                      email = "groll@mathematik.uni-muenchen.de")
  as necessary.
Flavors: r-devel-linux-x86_64-debian-clang, r-devel-linux-x86_64-debian-gcc