Last updated on 2025-11-27 13:48:37 CET.
| Flavor | Version | Tinstall | Tcheck | Ttotal | Status | Flags |
|---|---|---|---|---|---|---|
| r-devel-linux-x86_64-debian-clang | 1.2.1 | 30.90 | 80.58 | 111.48 | OK | |
| r-devel-linux-x86_64-debian-gcc | 1.2.1 | 23.33 | 58.80 | 82.13 | OK | |
| r-devel-linux-x86_64-fedora-clang | 1.2.1 | 59.00 | 120.33 | 179.33 | OK | |
| r-devel-linux-x86_64-fedora-gcc | 1.2.1 | 143.00 | 37.71 | 180.71 | OK | |
| r-patched-linux-x86_64 | 1.2.1 | 31.40 | 75.03 | 106.43 | OK | |
| r-release-linux-x86_64 | 1.2.1 | 29.37 | 74.72 | 104.09 | OK | |
| r-release-macos-arm64 | 1.2.0 | 15.00 | 11.00 | 26.00 | NOTE | |
| r-release-macos-x86_64 | 1.2.1 | 23.00 | 83.00 | 106.00 | OK | |
| r-release-windows-x86_64 | 1.2.1 | 29.00 | 124.00 | 153.00 | OK | |
| r-oldrel-macos-arm64 | 1.2.1 | 8.00 | 25.00 | 33.00 | OK | |
| r-oldrel-macos-x86_64 | 1.2.1 | 21.00 | 81.00 | 102.00 | OK | |
| r-oldrel-windows-x86_64 | 1.2.1 | 46.00 | 132.00 | 178.00 | OK |
Version: 1.2.0
Check: Rd files
Result: NOTE
checkRd: (-1) solve_game.Rd:86: Lost braces in \itemize; \value handles \item{}{} directly
checkRd: (-1) solve_game.Rd:87: Lost braces in \itemize; \value handles \item{}{} directly
checkRd: (-1) solve_game.Rd:88: Lost braces in \itemize; \value handles \item{}{} directly
checkRd: (-1) solve_game.Rd:89: Lost braces in \itemize; \value handles \item{}{} directly
checkRd: (-1) solve_game.Rd:90: Lost braces in \itemize; \value handles \item{}{} directly
Flavor: r-release-macos-arm64