Last updated on 2025-10-31 13:50:51 CET.
| Flavor | Version | Tinstall | Tcheck | Ttotal | Status | Flags | 
|---|---|---|---|---|---|---|
| r-devel-linux-x86_64-debian-clang | 0.1.7 | 11.27 | 94.22 | 105.49 | NOTE | |
| r-devel-linux-x86_64-debian-gcc | 0.1.7 | 7.54 | 67.65 | 75.19 | NOTE | |
| r-devel-linux-x86_64-fedora-clang | 0.1.7 | 63.00 | 113.61 | 176.61 | NOTE | |
| r-devel-linux-x86_64-fedora-gcc | 0.1.7 | 64.00 | 97.91 | 161.91 | NOTE | |
| r-devel-windows-x86_64 | 0.1.7 | 10.00 | 99.00 | 109.00 | NOTE | |
| r-patched-linux-x86_64 | 0.1.7 | 11.10 | 89.11 | 100.21 | NOTE | |
| r-release-linux-x86_64 | 0.1.7 | 9.71 | 90.26 | 99.97 | NOTE | |
| r-release-macos-arm64 | 0.1.7 | 5.00 | 39.00 | 44.00 | NOTE | |
| r-release-macos-x86_64 | 0.1.7 | 12.00 | 77.00 | 89.00 | NOTE | |
| r-release-windows-x86_64 | 0.1.7 | 11.00 | 99.00 | 110.00 | NOTE | |
| r-oldrel-macos-arm64 | 0.1.7 | 5.00 | 37.00 | 42.00 | NOTE | |
| r-oldrel-macos-x86_64 | 0.1.7 | 7.00 | 60.00 | 67.00 | NOTE | |
| r-oldrel-windows-x86_64 | 0.1.7 | 10.00 | 100.00 | 110.00 | NOTE | 
Version: 0.1.7
Check: CRAN incoming feasibility
Result: NOTE
  Maintainer: ‘Li Xing <sfulxing@gmail.com>’
  
  No Authors@R field in DESCRIPTION.
  Please add one, modifying
    Authors@R: c(person(given = "Yan",
                        family = "Xu",
                        role = "aut"),
                 person(given = "Li",
                        family = "Xing",
                        role = c("aut", "cre"),
                        email = "sfulxing@gmail.com"),
                 person(given = "Jessica",
                        family = "Su",
                        role = "aut"),
                 person(given = "Xuekui",
                        family = "Zhang",
                        role = "aut",
                        email = "UBC.X.Zhang@gmail.com"),
                 person(given = "Weiliang",
                        family = "Qiu",
                        role = "aut",
                        email = "Weiliang.Qiu@gmail.com"))
  as necessary.
  
  Package CITATION file contains call(s) to old-style citEntry().  Please
  use bibentry() instead.
Flavors: r-devel-linux-x86_64-debian-clang, r-devel-linux-x86_64-debian-gcc
Version: 0.1.7
Check: Rd files
Result: NOTE
  checkRd: (-1) esSim.Rd:81: Lost braces; missing escapes or markup?
      81 | \eqn{83} SNPs are in cluster {-}, \eqn{714} SNPs are in cluster \eqn{0},
         |                              ^
  checkRd: (-1) esSimDiffPriors.Rd:91: Lost braces; missing escapes or markup?
      91 | \eqn{64} SNPs are in cluster {-}, \eqn{708} SNPs are in cluster \eqn{0},
         |                              ^
Flavors: r-devel-linux-x86_64-debian-clang, r-devel-linux-x86_64-debian-gcc, r-devel-linux-x86_64-fedora-clang, r-devel-linux-x86_64-fedora-gcc, r-devel-windows-x86_64, r-patched-linux-x86_64, r-release-linux-x86_64, r-release-macos-arm64, r-release-macos-x86_64, r-release-windows-x86_64, r-oldrel-macos-arm64, r-oldrel-macos-x86_64, r-oldrel-windows-x86_64