Last updated on 2025-10-31 13:50:51 CET.
| Flavor | Version | Tinstall | Tcheck | Ttotal | Status | Flags | 
|---|---|---|---|---|---|---|
| r-devel-linux-x86_64-debian-clang | 1.0.2 | 1.63 | 19.61 | 21.24 | NOTE | |
| r-devel-linux-x86_64-debian-gcc | 1.0.2 | 1.41 | 16.19 | 17.60 | NOTE | |
| r-devel-linux-x86_64-fedora-clang | 1.0.2 | 31.34 | OK | |||
| r-devel-linux-x86_64-fedora-gcc | 1.0.2 | 28.82 | OK | |||
| r-devel-windows-x86_64 | 1.0.2 | 2.00 | 35.00 | 37.00 | OK | |
| r-patched-linux-x86_64 | 1.0.2 | 1.81 | 18.44 | 20.25 | OK | |
| r-release-linux-x86_64 | 1.0.2 | 1.71 | 18.35 | 20.06 | OK | |
| r-release-macos-arm64 | 1.0.2 | 1.00 | 14.00 | 15.00 | OK | |
| r-release-macos-x86_64 | 1.0.2 | 2.00 | 21.00 | 23.00 | OK | |
| r-release-windows-x86_64 | 1.0.2 | 3.00 | 37.00 | 40.00 | OK | |
| r-oldrel-macos-arm64 | 1.0.2 | 1.00 | 13.00 | 14.00 | NOTE | |
| r-oldrel-macos-x86_64 | 1.0.2 | 1.00 | 19.00 | 20.00 | NOTE | |
| r-oldrel-windows-x86_64 | 1.0.2 | 3.00 | 37.00 | 40.00 | NOTE | 
Version: 1.0.2
Check: CRAN incoming feasibility
Result: NOTE
  Maintainer: ‘Aboubacar Y. Touré <aboubacaryacoubatoure.ussgb@gmail.com>’
  
  No Authors@R field in DESCRIPTION.
  Please add one, modifying
    Authors@R: c(person(given = c("Aboubacar", "Y."),
                        family = "Touré",
                        role = c("aut", "cre"),
                        email = "aboubacaryacoubatoure.ussgb@gmail.com"),
                 person(given = c("Célestin", "C."),
                        family = "Kokonendji",
                        role = "aut"))
  as necessary.
Flavors: r-devel-linux-x86_64-debian-clang, r-devel-linux-x86_64-debian-gcc
Version: 1.0.2
Check: LazyData
Result: NOTE
    'LazyData' is specified without a 'data' directory
Flavors: r-oldrel-macos-arm64, r-oldrel-macos-x86_64, r-oldrel-windows-x86_64