Last updated on 2025-10-31 13:50:51 CET.
| Flavor | Version | Tinstall | Tcheck | Ttotal | Status | Flags | 
|---|---|---|---|---|---|---|
| r-devel-linux-x86_64-debian-clang | 1.2 | 1.62 | 20.17 | 21.79 | NOTE | |
| r-devel-linux-x86_64-debian-gcc | 1.2 | 1.44 | 16.84 | 18.28 | NOTE | |
| r-devel-linux-x86_64-fedora-clang | 1.2 | 31.83 | NOTE | |||
| r-devel-linux-x86_64-fedora-gcc | 1.2 | 30.80 | NOTE | |||
| r-devel-windows-x86_64 | 1.2 | 2.00 | 38.00 | 40.00 | OK | |
| r-patched-linux-x86_64 | 1.2 | 1.55 | 19.20 | 20.75 | NOTE | |
| r-release-linux-x86_64 | 1.2 | 1.72 | 18.96 | 20.68 | NOTE | |
| r-release-macos-arm64 | 1.2 | 1.00 | 15.00 | 16.00 | OK | |
| r-release-macos-x86_64 | 1.2 | 2.00 | 22.00 | 24.00 | OK | |
| r-release-windows-x86_64 | 1.2 | 3.00 | 40.00 | 43.00 | OK | |
| r-oldrel-macos-arm64 | 1.2 | 1.00 | 13.00 | 14.00 | OK | |
| r-oldrel-macos-x86_64 | 1.2 | 1.00 | 19.00 | 20.00 | OK | |
| r-oldrel-windows-x86_64 | 1.2 | 3.00 | 40.00 | 43.00 | OK | 
Version: 1.2
Check: CRAN incoming feasibility
Result: NOTE
  Maintainer: ‘ChangJiang Xu <changjiang.h.xu@gmail.com>’
  
  No Authors@R field in DESCRIPTION.
  Please add one, modifying
    Authors@R: c(person(given = "ChangJiang",
                        family = "Xu",
                        role = c("aut", "cre"),
                        email = "changjiang.h.xu@gmail.com"),
                 person(given = c("Celia", "M.T."),
                        family = "Greenwood",
                        role = "aut"))
  as necessary.
Flavors: r-devel-linux-x86_64-debian-clang, r-devel-linux-x86_64-debian-gcc
Version: 1.2
Check: for non-standard things in the check directory
Result: NOTE
  Found the following files/directories:
    ‘testdata1.txt’ ‘testdata2.txt’ ‘testdata3.txt’
Flavors: r-devel-linux-x86_64-debian-clang, r-devel-linux-x86_64-debian-gcc, r-devel-linux-x86_64-fedora-clang, r-devel-linux-x86_64-fedora-gcc, r-patched-linux-x86_64, r-release-linux-x86_64