Last updated on 2025-11-27 13:48:37 CET.
| Flavor | Version | Tinstall | Tcheck | Ttotal | Status | Flags |
|---|---|---|---|---|---|---|
| r-devel-linux-x86_64-debian-clang | 1.1.14.1 | 9.16 | 21.42 | 30.58 | WARN | |
| r-devel-linux-x86_64-debian-gcc | 1.1.14.1 | 6.87 | 18.03 | 24.90 | WARN | |
| r-devel-linux-x86_64-fedora-clang | 1.1.15 | 67.00 | -11.47 | 55.53 | OK | |
| r-devel-linux-x86_64-fedora-gcc | 1.1.15 | 26.00 | 21.30 | 47.30 | OK | |
| r-devel-windows-x86_64 | 1.1.14.1 | 13.00 | 41.00 | 54.00 | NOTE | |
| r-patched-linux-x86_64 | 1.1.14.1 | 8.61 | 20.04 | 28.65 | NOTE | |
| r-release-linux-x86_64 | 1.1.14.1 | 8.75 | 20.23 | 28.98 | NOTE | |
| r-release-macos-arm64 | 1.1.15 | 3.00 | 11.00 | 14.00 | OK | |
| r-release-macos-x86_64 | 1.1.15 | 22.00 | 49.00 | 71.00 | OK | |
| r-release-windows-x86_64 | 1.1.14.1 | 13.00 | 41.00 | 54.00 | NOTE | |
| r-oldrel-macos-arm64 | 1.1.15 | 5.00 | 19.00 | 24.00 | OK | |
| r-oldrel-macos-x86_64 | 1.1.15 | 26.00 | 61.00 | 87.00 | OK | |
| r-oldrel-windows-x86_64 | 1.1.14.1 | 16.00 | 47.00 | 63.00 | OK |
Version: 1.1.14.1
Check: CRAN incoming feasibility
Result: NOTE
Maintainer: ‘Sylvain Gubian <DL.RSupport@pmi.com>’
No Authors@R field in DESCRIPTION.
Please add one, modifying
Authors@R: c(person(given = "Sylvain",
family = "Gubian",
role = c("aut", "cre"),
email = "dl.rsupport@pmi.com"),
person(given = "Yang",
family = "Xiang",
role = "aut"),
person(given = "Brian",
family = "Suomela",
role = "aut"),
person(given = "Julia",
family = "Hoeng",
role = "aut"),
person(given = "PMP",
family = "SA.",
role = "aut"))
as necessary.
Flavors: r-devel-linux-x86_64-debian-clang, r-devel-linux-x86_64-debian-gcc
Version: 1.1.14.1
Check: compiled code
Result: WARN
File ‘GenSA/libs/GenSA.so’:
Found non-API call to R: ‘SET_TYPEOF’
This entry point may be removed soon.
Compiled code should not call non-API entry points in R.
See ‘Writing portable packages’ in the ‘Writing R Extensions’ manual,
and section ‘Moving into C API compliance’ for issues with the use of
non-API entry points.
Flavors: r-devel-linux-x86_64-debian-clang, r-devel-linux-x86_64-debian-gcc
Version: 1.1.14.1
Check: compiled code
Result: NOTE
File 'GenSA/libs/x64/GenSA.dll':
Found non-API call to R: 'SET_TYPEOF'
Compiled code should not call non-API entry points in R.
See 'Writing portable packages' in the 'Writing R Extensions' manual,
and section 'Moving into C API compliance' for issues with the use of
non-API entry points.
Flavors: r-devel-windows-x86_64, r-release-windows-x86_64
Version: 1.1.14.1
Check: compiled code
Result: NOTE
File ‘GenSA/libs/GenSA.so’:
Found non-API call to R: ‘SET_TYPEOF’
Compiled code should not call non-API entry points in R.
See ‘Writing portable packages’ in the ‘Writing R Extensions’ manual,
and section ‘Moving into C API compliance’ for issues with the use of
non-API entry points.
Flavors: r-patched-linux-x86_64, r-release-linux-x86_64