Last updated on 2024-05-28 12:56:17 CEST.
Flavor | Version | Tinstall | Tcheck | Ttotal | Status | Flags |
---|---|---|---|---|---|---|
r-devel-linux-x86_64-debian-clang | 0.4-0 | 6.99 | 58.23 | 65.22 | OK | |
r-devel-linux-x86_64-debian-gcc | 0.4-0 | 4.69 | 43.38 | 48.07 | OK | |
r-devel-linux-x86_64-fedora-clang | 0.4-0 | 79.93 | OK | |||
r-devel-linux-x86_64-fedora-gcc | 0.4-0 | 75.60 | OK | |||
r-devel-windows-x86_64 | 0.4-0 | 9.00 | 64.00 | 73.00 | OK | |
r-patched-linux-x86_64 | 0.4-0 | 6.87 | 56.24 | 63.11 | OK | |
r-release-linux-x86_64 | 0.4-0 | 6.65 | 57.07 | 63.72 | OK | |
r-release-macos-arm64 | 0.4-0 | 25.00 | OK | |||
r-release-windows-x86_64 | 0.4-0 | 10.00 | 65.00 | 75.00 | OK | |
r-oldrel-macos-arm64 | 0.4-0 | 26.00 | OK | |||
r-oldrel-macos-x86_64 | 0.4-0 | 41.00 | NOTE | |||
r-oldrel-windows-x86_64 | 0.4-0 | 11.00 | 75.00 | 86.00 | OK |
Version: 0.4-0
Check: package dependencies
Result: NOTE
Packages suggested but not available for checking: 'psych', 'psychTools'
Flavor: r-oldrel-macos-x86_64