Last updated on 2025-11-27 13:48:37 CET.
| Flavor | Version | Tinstall | Tcheck | Ttotal | Status | Flags |
|---|---|---|---|---|---|---|
| r-devel-linux-x86_64-debian-clang | 1.2.7 | 35.83 | 58.56 | 94.39 | NOTE | |
| r-devel-linux-x86_64-debian-gcc | 1.2.7 | 27.25 | 45.98 | 73.23 | NOTE | |
| r-devel-linux-x86_64-fedora-clang | 1.2.7 | 61.00 | 97.45 | 158.45 | OK | |
| r-devel-linux-x86_64-fedora-gcc | 1.2.7 | 85.00 | 62.39 | 147.39 | OK | |
| r-devel-windows-x86_64 | 1.2.7 | 50.00 | 82.00 | 132.00 | OK | |
| r-patched-linux-x86_64 | 1.2.7 | 38.46 | 56.50 | 94.96 | OK | |
| r-release-linux-x86_64 | 1.2.7 | 38.32 | 56.50 | 94.82 | OK | |
| r-release-macos-arm64 | 1.2.7 | OK | ||||
| r-release-macos-x86_64 | 1.2.7 | 18.00 | 57.00 | 75.00 | OK | |
| r-release-windows-x86_64 | 1.2.7 | 47.00 | 97.00 | 144.00 | OK | |
| r-oldrel-macos-arm64 | 1.2.7 | OK | ||||
| r-oldrel-macos-x86_64 | 1.2.7 | 24.00 | 45.00 | 69.00 | OK | |
| r-oldrel-windows-x86_64 | 1.2.7 | 54.00 | 101.00 | 155.00 | OK |
Version: 1.2.7
Check: CRAN incoming feasibility
Result: NOTE
Maintainer: ‘Herve Cardot <herve.cardot@u-bourgogne.fr>’
No Authors@R field in DESCRIPTION.
Please add one, modifying
Authors@R: person(given = "Herve",
family = "Cardot",
role = c("aut", "cre"),
email = "herve.cardot@u-bourgogne.fr")
as necessary.
Flavors: r-devel-linux-x86_64-debian-clang, r-devel-linux-x86_64-debian-gcc