Last updated on 2025-10-31 13:50:51 CET.
| Flavor | Version | Tinstall | Tcheck | Ttotal | Status | Flags | 
|---|---|---|---|---|---|---|
| r-devel-linux-x86_64-debian-clang | 1.0.4 | 2.85 | 23.16 | 26.01 | NOTE | |
| r-devel-linux-x86_64-debian-gcc | 1.0.4 | 2.19 | 17.79 | 19.98 | NOTE | |
| r-devel-linux-x86_64-fedora-clang | 1.0.4 | 18.00 | 22.35 | 40.35 | NOTE | |
| r-devel-linux-x86_64-fedora-gcc | 1.0.4 | 14.00 | 24.49 | 38.49 | NOTE | |
| r-devel-windows-x86_64 | 1.0.4 | 5.00 | 37.00 | 42.00 | OK | |
| r-patched-linux-x86_64 | 1.0.4 | 3.17 | 21.70 | 24.87 | OK | |
| r-release-linux-x86_64 | 1.0.4 | 2.70 | 21.75 | 24.45 | OK | |
| r-release-macos-arm64 | 1.0.4 | 1.00 | 14.00 | 15.00 | OK | |
| r-release-macos-x86_64 | 1.0.4 | 2.00 | 22.00 | 24.00 | OK | |
| r-release-windows-x86_64 | 1.0.4 | 4.00 | 38.00 | 42.00 | OK | |
| r-oldrel-macos-arm64 | 1.0.4 | 2.00 | 17.00 | 19.00 | OK | |
| r-oldrel-macos-x86_64 | 1.0.4 | 4.00 | 31.00 | 35.00 | OK | |
| r-oldrel-windows-x86_64 | 1.0.4 | 6.00 | 42.00 | 48.00 | OK | 
Version: 1.0.4
Check: CRAN incoming feasibility
Result: NOTE
  Maintainer: ‘Asger R. Pedersen <arpstat@outlook.dk>’
  
  No Authors@R field in DESCRIPTION.
  Please add one, modifying
    Authors@R: person(given = c("Asger", "R."),
                      family = "Pedersen",
                      role = c("aut", "cre"),
                      email = "arpstat@outlook.dk")
  as necessary.
Flavors: r-devel-linux-x86_64-debian-clang, r-devel-linux-x86_64-debian-gcc
Version: 1.0.4
Check: Rd files
Result: NOTE
  checkRd: (-1) HMR.Rd:171: height/width attributes should be in pixels
Flavors: r-devel-linux-x86_64-debian-clang, r-devel-linux-x86_64-debian-gcc, r-devel-linux-x86_64-fedora-clang, r-devel-linux-x86_64-fedora-gcc