Last updated on 2025-10-31 13:50:51 CET.
| Flavor | Version | Tinstall | Tcheck | Ttotal | Status | Flags | 
|---|---|---|---|---|---|---|
| r-devel-linux-x86_64-debian-clang | 0.6.0 | 105.69 | 76.49 | 182.18 | OK | |
| r-devel-linux-x86_64-debian-gcc | 0.6.0 | 72.22 | 59.00 | 131.22 | OK | |
| r-devel-linux-x86_64-fedora-clang | 0.6.0 | 240.00 | 94.89 | 334.89 | OK | |
| r-devel-linux-x86_64-fedora-gcc | 0.6.0 | 171.00 | 152.81 | 323.81 | OK | |
| r-devel-windows-x86_64 | 0.6.0 | 114.00 | 101.00 | 215.00 | OK | |
| r-patched-linux-x86_64 | 0.6.0 | 107.50 | 72.34 | 179.84 | OK | |
| r-release-linux-x86_64 | 0.6.0 | 107.53 | 72.19 | 179.72 | OK | |
| r-release-macos-arm64 | 0.6.0 | 39.00 | 51.00 | 90.00 | OK | |
| r-release-macos-x86_64 | 0.6.0 | 37.00 | 89.00 | 126.00 | OK | |
| r-release-windows-x86_64 | 0.6.0 | 117.00 | 102.00 | 219.00 | OK | |
| r-oldrel-macos-arm64 | 0.6.0 | 34.00 | 45.00 | 79.00 | NOTE | |
| r-oldrel-macos-x86_64 | 0.6.0 | 38.00 | 82.00 | 120.00 | NOTE | |
| r-oldrel-windows-x86_64 | 0.6.0 | 134.00 | 129.00 | 263.00 | OK | 
Version: 0.6.0
Check: installed package size
Result: NOTE
    installed size is  7.9Mb
    sub-directories of 1Mb or more:
      libs   7.4Mb
Flavors: r-oldrel-macos-arm64, r-oldrel-macos-x86_64