Last updated on 2025-10-31 13:50:52 CET.
| Flavor | Version | Tinstall | Tcheck | Ttotal | Status | Flags | 
|---|---|---|---|---|---|---|
| r-devel-linux-x86_64-debian-clang | 1.1.1 | 2.32 | 23.64 | 25.96 | NOTE | |
| r-devel-linux-x86_64-debian-gcc | 1.1.1 | 1.75 | 19.19 | 20.94 | NOTE | |
| r-devel-linux-x86_64-fedora-clang | 1.1.1 | 41.20 | OK | |||
| r-devel-linux-x86_64-fedora-gcc | 1.1.1 | 36.94 | OK | |||
| r-devel-windows-x86_64 | 1.1.1 | 3.00 | 41.00 | 44.00 | OK | |
| r-patched-linux-x86_64 | 1.1.1 | 2.26 | 22.68 | 24.94 | OK | |
| r-release-linux-x86_64 | 1.1.1 | 2.20 | 22.57 | 24.77 | OK | |
| r-release-macos-arm64 | 1.1.1 | 1.00 | 15.00 | 16.00 | OK | |
| r-release-macos-x86_64 | 1.1.1 | 2.00 | 25.00 | 27.00 | OK | |
| r-release-windows-x86_64 | 1.1.1 | 3.00 | 43.00 | 46.00 | OK | |
| r-oldrel-macos-arm64 | 1.1.1 | 1.00 | 16.00 | 17.00 | OK | |
| r-oldrel-macos-x86_64 | 1.1.1 | 2.00 | 21.00 | 23.00 | OK | |
| r-oldrel-windows-x86_64 | 1.1.1 | 3.00 | 41.00 | 44.00 | OK | 
Version: 1.1.1
Check: CRAN incoming feasibility
Result: NOTE
  Maintainer: ‘Satoshi Takahashi <takahasi@lisboa.ics.nara-wu.ac.jp>’
  
  No Authors@R field in DESCRIPTION.
  Please add one, modifying
    Authors@R: person(given = "Satoshi",
                      family = "Takahashi",
                      role = c("aut", "cre"),
                      email = "takahasi@lisboa.ics.nara-wu.ac.jp")
  as necessary.
Flavors: r-devel-linux-x86_64-debian-clang, r-devel-linux-x86_64-debian-gcc