Last updated on 2025-10-31 13:50:52 CET.
| Flavor | Version | Tinstall | Tcheck | Ttotal | Status | Flags | 
|---|---|---|---|---|---|---|
| r-devel-linux-x86_64-debian-clang | 1.3 | 3.00 | 53.48 | 56.48 | NOTE | |
| r-devel-linux-x86_64-debian-gcc | 1.3 | 2.06 | 37.59 | 39.65 | NOTE | |
| r-devel-linux-x86_64-fedora-clang | 1.3 | 11.00 | 72.47 | 83.47 | NOTE | |
| r-devel-linux-x86_64-fedora-gcc | 1.3 | 76.24 | NOTE | |||
| r-devel-windows-x86_64 | 1.3 | 4.00 | 68.00 | 72.00 | NOTE | |
| r-patched-linux-x86_64 | 1.3 | 3.57 | 49.46 | 53.03 | NOTE | |
| r-release-linux-x86_64 | 1.3 | 3.08 | 49.95 | 53.03 | NOTE | |
| r-release-macos-arm64 | 1.3 | 1.00 | 29.00 | 30.00 | NOTE | |
| r-release-macos-x86_64 | 1.3 | 3.00 | 49.00 | 52.00 | NOTE | |
| r-release-windows-x86_64 | 1.3 | 4.00 | 72.00 | 76.00 | NOTE | |
| r-oldrel-macos-arm64 | 1.3 | 2.00 | 26.00 | 28.00 | NOTE | |
| r-oldrel-macos-x86_64 | 1.3 | 2.00 | 41.00 | 43.00 | NOTE | |
| r-oldrel-windows-x86_64 | 1.3 | 4.00 | 86.00 | 90.00 | NOTE | 
Version: 1.3
Check: CRAN incoming feasibility
Result: NOTE
  Maintainer: ‘Bob Obenchain <wizbob@att.net>’
  
  No Authors@R field in DESCRIPTION.
  Please add one, modifying
    Authors@R: person(given = "Bob",
                      family = "Obenchain",
                      role = c("aut", "cre"),
                      email = "wizbob@att.net")
  as necessary.
Flavors: r-devel-linux-x86_64-debian-clang, r-devel-linux-x86_64-debian-gcc
Version: 1.3
Check: Rd files
Result: NOTE
  checkRd: (-1) ICEscale.Rd:53: Escaped LaTeX specials: \^
  checkRd: (-1) dpwdg.Rd:14: Escaped LaTeX specials: \$
  checkRd: (-1) dpwdg.Rd:15: Escaped LaTeX specials: \$
Flavors: r-devel-linux-x86_64-debian-clang, r-devel-linux-x86_64-debian-gcc, r-devel-linux-x86_64-fedora-clang, r-devel-linux-x86_64-fedora-gcc, r-devel-windows-x86_64, r-patched-linux-x86_64, r-release-linux-x86_64, r-release-macos-arm64, r-release-macos-x86_64, r-release-windows-x86_64, r-oldrel-macos-arm64, r-oldrel-macos-x86_64, r-oldrel-windows-x86_64