Last updated on 2025-10-31 13:50:52 CET.
| Flavor | Version | Tinstall | Tcheck | Ttotal | Status | Flags | 
|---|---|---|---|---|---|---|
| r-devel-linux-x86_64-debian-clang | 0.2.0 | 24.25 | 90.19 | 114.44 | NOTE | |
| r-devel-linux-x86_64-debian-gcc | 0.2.0 | 15.90 | 63.58 | 79.48 | NOTE | |
| r-devel-linux-x86_64-fedora-clang | 0.2.0 | 105.00 | 80.59 | 185.59 | NOTE | |
| r-devel-linux-x86_64-fedora-gcc | 0.2.0 | 44.00 | 133.99 | 177.99 | NOTE | |
| r-devel-windows-x86_64 | 0.2.0 | 28.00 | 111.00 | 139.00 | NOTE | |
| r-patched-linux-x86_64 | 0.2.0 | 21.61 | 82.38 | 103.99 | NOTE | |
| r-release-linux-x86_64 | 0.2.0 | 21.31 | 81.80 | 103.11 | NOTE | |
| r-release-macos-arm64 | 0.2.0 | 16.00 | 65.00 | 81.00 | NOTE | |
| r-release-macos-x86_64 | 0.2.0 | 17.00 | 80.00 | 97.00 | NOTE | |
| r-release-windows-x86_64 | 0.2.0 | 28.00 | 109.00 | 137.00 | NOTE | |
| r-oldrel-macos-arm64 | 0.2.0 | 12.00 | 44.00 | 56.00 | NOTE | |
| r-oldrel-macos-x86_64 | 0.2.0 | 15.00 | 67.00 | 82.00 | NOTE | |
| r-oldrel-windows-x86_64 | 0.2.0 | 38.00 | 140.00 | 178.00 | NOTE | 
Version: 0.2.0
Check: C++ specification
Result: NOTE
    Specified C++11: please drop specification unless essential
Flavors: r-devel-linux-x86_64-debian-clang, r-devel-linux-x86_64-debian-gcc, r-devel-linux-x86_64-fedora-clang, r-devel-linux-x86_64-fedora-gcc, r-devel-windows-x86_64, r-patched-linux-x86_64, r-release-linux-x86_64, r-release-macos-arm64, r-release-macos-x86_64, r-release-windows-x86_64, r-oldrel-macos-arm64, r-oldrel-macos-x86_64, r-oldrel-windows-x86_64