Last updated on 2025-10-31 13:50:52 CET.
| Flavor | Version | Tinstall | Tcheck | Ttotal | Status | Flags | 
|---|---|---|---|---|---|---|
| r-devel-linux-x86_64-debian-clang | 0.2.1 | 23.20 | 34.17 | 57.37 | NOTE | |
| r-devel-linux-x86_64-debian-gcc | 0.2.1 | 18.11 | 26.37 | 44.48 | NOTE | |
| r-devel-linux-x86_64-fedora-clang | 0.2.1 | 93.00 | 14.76 | 107.76 | OK | |
| r-devel-linux-x86_64-fedora-gcc | 0.2.1 | 64.00 | 32.58 | 96.58 | OK | |
| r-devel-windows-x86_64 | 0.2.1 | 28.00 | 69.00 | 97.00 | OK | |
| r-patched-linux-x86_64 | 0.2.1 | 27.43 | 31.12 | 58.55 | OK | |
| r-release-linux-x86_64 | 0.2.1 | 26.94 | 31.23 | 58.17 | OK | |
| r-release-macos-arm64 | 0.2.1 | 10.00 | 19.00 | 29.00 | OK | |
| r-release-macos-x86_64 | 0.2.1 | 10.00 | 39.00 | 49.00 | OK | |
| r-release-windows-x86_64 | 0.2.1 | 33.00 | 69.00 | 102.00 | OK | |
| r-oldrel-macos-arm64 | 0.2.1 | 10.00 | 18.00 | 28.00 | OK | |
| r-oldrel-macos-x86_64 | 0.2.1 | 10.00 | 36.00 | 46.00 | OK | |
| r-oldrel-windows-x86_64 | 0.2.1 | 30.00 | 82.00 | 112.00 | OK | 
Version: 0.2.1
Check: CRAN incoming feasibility
Result: NOTE
  Maintainer: ‘Ruzhang Zhao<ruzhangzhao@gmail.com>’
  
  No Authors@R field in DESCRIPTION.
  Please add one, modifying
    Authors@R: c(person(given = "Ruzhang",
                        family = "Zhao",
                        role = c("aut", "cre"),
                        email = "ruzhangzhao@gmail.com"),
                 person(given = "Pengyu",
                        family = "Hong",
                        role = "aut"),
                 person(given = c("Jun", "S."),
                        family = "Liu",
                        role = "aut"))
  as necessary.
Flavors: r-devel-linux-x86_64-debian-clang, r-devel-linux-x86_64-debian-gcc