Last updated on 2025-10-31 13:50:52 CET.
| Flavor | Version | Tinstall | Tcheck | Ttotal | Status | Flags | 
|---|---|---|---|---|---|---|
| r-devel-linux-x86_64-debian-clang | 3.0 | 4.55 | 40.21 | 44.76 | NOTE | |
| r-devel-linux-x86_64-debian-gcc | 3.0 | 3.15 | 28.86 | 32.01 | NOTE | |
| r-devel-linux-x86_64-fedora-clang | 3.0 | 18.00 | 51.65 | 69.65 | OK | |
| r-devel-linux-x86_64-fedora-gcc | 3.0 | 60.34 | OK | |||
| r-devel-windows-x86_64 | 3.0 | 5.00 | 74.00 | 79.00 | OK | |
| r-patched-linux-x86_64 | 3.0 | 6.24 | 37.86 | 44.10 | OK | |
| r-release-linux-x86_64 | 3.0 | 3.82 | 37.88 | 41.70 | OK | |
| r-release-macos-arm64 | 3.0 | 2.00 | 25.00 | 27.00 | OK | |
| r-release-macos-x86_64 | 3.0 | 6.00 | 47.00 | 53.00 | OK | |
| r-release-windows-x86_64 | 3.0 | 6.00 | 75.00 | 81.00 | OK | |
| r-oldrel-macos-arm64 | 3.0 | 2.00 | 23.00 | 25.00 | OK | |
| r-oldrel-macos-x86_64 | 3.0 | 5.00 | 37.00 | 42.00 | OK | |
| r-oldrel-windows-x86_64 | 3.0 | 5.00 | 71.00 | 76.00 | OK | 
Version: 3.0
Check: CRAN incoming feasibility
Result: NOTE
  Maintainer: ‘Ana C. Cebrian <acebrian@unizar.es>’
  
  No Authors@R field in DESCRIPTION.
  Please add one, modifying
    Authors@R: person(given = c("Ana", "C."),
                      family = "Cebrian",
                      role = c("aut", "cre"),
                      email = "acebrian@unizar.es")
  as necessary.
Flavors: r-devel-linux-x86_64-debian-clang, r-devel-linux-x86_64-debian-gcc