Last updated on 2025-10-31 13:50:52 CET.
| Flavor | Version | Tinstall | Tcheck | Ttotal | Status | Flags | 
|---|---|---|---|---|---|---|
| r-devel-linux-x86_64-debian-clang | 0.8 | 8.05 | 65.09 | 73.14 | NOTE | |
| r-devel-linux-x86_64-debian-gcc | 0.8 | 5.55 | 48.60 | 54.15 | NOTE | |
| r-devel-linux-x86_64-fedora-clang | 0.8 | 28.00 | 89.42 | 117.42 | OK | |
| r-devel-linux-x86_64-fedora-gcc | 0.8 | 17.00 | 84.78 | 101.78 | OK | |
| r-devel-windows-x86_64 | 0.8 | 9.00 | 72.00 | 81.00 | OK | |
| r-patched-linux-x86_64 | 0.8 | 8.13 | 61.47 | 69.60 | OK | |
| r-release-linux-x86_64 | 0.8 | 8.28 | 62.59 | 70.87 | OK | |
| r-release-macos-arm64 | 0.8 | 4.00 | 32.00 | 36.00 | OK | |
| r-release-macos-x86_64 | 0.8 | 9.00 | 62.00 | 71.00 | OK | |
| r-release-windows-x86_64 | 0.8 | 9.00 | 75.00 | 84.00 | OK | |
| r-oldrel-macos-arm64 | 0.8 | 4.00 | 29.00 | 33.00 | OK | |
| r-oldrel-macos-x86_64 | 0.8 | 10.00 | 52.00 | 62.00 | OK | |
| r-oldrel-windows-x86_64 | 0.8 | 12.00 | 90.00 | 102.00 | OK | 
Version: 0.8
Check: CRAN incoming feasibility
Result: NOTE
  Maintainer: ‘Nicolai Meinshausen <meinshausen@stat.math.ethz.ch>’
  
  No Authors@R field in DESCRIPTION.
  Please add one, modifying
    Authors@R: person(given = "Nicolai",
                      family = "Meinshausen",
                      role = c("aut", "cre"),
                      email = "meinshausen@stat.math.ethz.ch")
  as necessary.
Flavors: r-devel-linux-x86_64-debian-clang, r-devel-linux-x86_64-debian-gcc