Last updated on 2025-10-31 13:50:52 CET.
| Flavor | Version | Tinstall | Tcheck | Ttotal | Status | Flags | 
|---|---|---|---|---|---|---|
| r-devel-linux-x86_64-debian-clang | 0.3.0 | 2.73 | 34.27 | 37.00 | NOTE | |
| r-devel-linux-x86_64-debian-gcc | 0.3.0 | 2.36 | 26.77 | 29.13 | NOTE | |
| r-devel-linux-x86_64-fedora-clang | 0.3.0 | 12.00 | 46.13 | 58.13 | OK | |
| r-devel-linux-x86_64-fedora-gcc | 0.3.0 | 65.25 | OK | |||
| r-devel-windows-x86_64 | 0.3.0 | 7.00 | 60.00 | 67.00 | OK | |
| r-patched-linux-x86_64 | 0.3.0 | 2.44 | 32.55 | 34.99 | OK | |
| r-release-linux-x86_64 | 0.3.0 | 2.99 | 32.63 | 35.62 | OK | |
| r-release-macos-arm64 | 0.3.0 | 1.00 | 35.00 | 36.00 | OK | |
| r-release-macos-x86_64 | 0.3.0 | 2.00 | 61.00 | 63.00 | OK | |
| r-release-windows-x86_64 | 0.3.0 | 6.00 | 65.00 | 71.00 | OK | |
| r-oldrel-macos-arm64 | 0.3.0 | 2.00 | 26.00 | 28.00 | OK | |
| r-oldrel-macos-x86_64 | 0.3.0 | 2.00 | 44.00 | 46.00 | OK | |
| r-oldrel-windows-x86_64 | 0.3.0 | 5.00 | 69.00 | 74.00 | OK | 
Version: 0.3.0
Check: CRAN incoming feasibility
Result: NOTE
  Maintainer: ‘Johannes Breidenbach <job@nibio.no>’
  
  No Authors@R field in DESCRIPTION.
  Please add one, modifying
    Authors@R: person(given = "Johannes",
                      family = "Breidenbach",
                      role = c("aut", "cre"),
                      email = "job@nibio.no")
  as necessary.
Flavors: r-devel-linux-x86_64-debian-clang, r-devel-linux-x86_64-debian-gcc