Last updated on 2024-07-18 01:55:34 CEST.
Flavor | Version | Tinstall | Tcheck | Ttotal | Status | Flags |
---|---|---|---|---|---|---|
r-devel-linux-x86_64-debian-clang | 1.0.1 | 3.76 | 44.85 | 48.61 | OK | |
r-devel-linux-x86_64-debian-gcc | 1.0.1 | 3.03 | 35.55 | 38.58 | OK | |
r-devel-linux-x86_64-fedora-clang | 1.0.1 | 64.92 | NOTE | |||
r-devel-linux-x86_64-fedora-gcc | 1.0.1 | 74.05 | NOTE | |||
r-devel-windows-x86_64 | 1.0.1 | 4.00 | 72.00 | 76.00 | OK | |
r-patched-linux-x86_64 | 1.0.1 | 3.45 | 48.37 | 51.82 | OK | |
r-release-linux-x86_64 | 1.0.1 | 3.49 | 45.59 | 49.08 | OK | |
r-release-macos-arm64 | 1.0.1 | 30.00 | OK | |||
r-release-macos-x86_64 | 1.0.1 | 44.00 | OK | |||
r-release-windows-x86_64 | 1.0.1 | 4.00 | 69.00 | 73.00 | OK | |
r-oldrel-macos-arm64 | 1.0.1 | 51.00 | OK | |||
r-oldrel-macos-x86_64 | 1.0.1 | 88.00 | OK | |||
r-oldrel-windows-x86_64 | 1.0.1 | 4.00 | 75.00 | 79.00 | OK |
Version: 1.0.1
Check: data for non-ASCII characters
Result: NOTE
Note: found 76468 marked UTF-8 strings
Flavors: r-devel-linux-x86_64-fedora-clang, r-devel-linux-x86_64-fedora-gcc