Last updated on 2024-05-28 12:56:19 CEST.
Flavor | Version | Tinstall | Tcheck | Ttotal | Status | Flags |
---|---|---|---|---|---|---|
r-devel-linux-x86_64-debian-clang | 6.4 | 34.63 | 55.81 | 90.44 | NOTE | |
r-devel-linux-x86_64-debian-gcc | 6.4 | 24.61 | 41.54 | 66.15 | NOTE | |
r-devel-linux-x86_64-fedora-clang | 6.4 | 120.84 | NOTE | |||
r-devel-linux-x86_64-fedora-gcc | 6.4 | 116.96 | NOTE | |||
r-devel-windows-x86_64 | 6.4 | 30.00 | 83.00 | 113.00 | NOTE | |
r-patched-linux-x86_64 | 6.4 | 30.89 | 53.84 | 84.73 | NOTE | |
r-release-linux-x86_64 | 6.4 | 29.85 | 53.64 | 83.49 | NOTE | |
r-release-macos-arm64 | 6.4 | 31.00 | NOTE | |||
r-release-windows-x86_64 | 6.4 | 30.00 | 80.00 | 110.00 | NOTE | |
r-oldrel-macos-arm64 | 6.4 | 36.00 | OK | |||
r-oldrel-macos-x86_64 | 6.4 | 53.00 | OK | |||
r-oldrel-windows-x86_64 | 6.4 | 39.00 | 93.00 | 132.00 | OK |
Version: 6.4
Check: Rd files
Result: NOTE
checkRd: (-1) subjOCCDIF.Rd:23: Lost braces
23 | the scale on which to evaluate each subject. \code{stype = "ObsScore"} uses the subject's total score. \code{stype = "Theta"} uses the subject's rank on the \code{thetadist} scale. \code{stype = "ThetaML"} uses the maximum likelihood estimate for the subject on the \code{thetadist} scale. code{stype = "ScoreML"} uses the maximum likelihood estimate for the subject on the overall test score scale.
| ^
Flavors: r-devel-linux-x86_64-debian-clang, r-devel-linux-x86_64-debian-gcc, r-devel-linux-x86_64-fedora-clang, r-devel-linux-x86_64-fedora-gcc, r-devel-windows-x86_64, r-patched-linux-x86_64, r-release-linux-x86_64, r-release-macos-arm64, r-release-windows-x86_64
Version: 6.4
Check: compiled code
Result: NOTE
File ‘KernSmoothIRT/libs/KernSmoothIRT.so’:
Found no calls to: ‘R_registerRoutines’, ‘R_useDynamicSymbols’
It is good practice to register native routines and to disable symbol
search.
See ‘Writing portable packages’ in the ‘Writing R Extensions’ manual.
Flavors: r-devel-linux-x86_64-fedora-clang, r-devel-linux-x86_64-fedora-gcc