Last updated on 2025-10-31 13:50:53 CET.
| Flavor | Version | Tinstall | Tcheck | Ttotal | Status | Flags | 
|---|---|---|---|---|---|---|
| r-devel-linux-x86_64-debian-clang | 1.0.0 | 1.77 | 27.51 | 29.28 | NOTE | |
| r-devel-linux-x86_64-debian-gcc | 1.0.0 | 1.35 | 22.78 | 24.13 | NOTE | |
| r-devel-linux-x86_64-fedora-clang | 1.0.0 | 45.22 | OK | |||
| r-devel-linux-x86_64-fedora-gcc | 1.0.0 | 53.52 | OK | |||
| r-devel-windows-x86_64 | 1.0.0 | 2.00 | 44.00 | 46.00 | OK | |
| r-patched-linux-x86_64 | 1.0.0 | 1.80 | 25.42 | 27.22 | OK | |
| r-release-linux-x86_64 | 1.0.0 | 1.36 | 25.38 | 26.74 | OK | |
| r-release-macos-arm64 | 1.0.0 | 1.00 | 37.00 | 38.00 | OK | |
| r-release-macos-x86_64 | 1.0.0 | 2.00 | 40.00 | 42.00 | OK | |
| r-release-windows-x86_64 | 1.0.0 | 3.00 | 47.00 | 50.00 | OK | |
| r-oldrel-macos-arm64 | 1.0.0 | 1.00 | 22.00 | 23.00 | NOTE | |
| r-oldrel-macos-x86_64 | 1.0.0 | 2.00 | 32.00 | 34.00 | NOTE | |
| r-oldrel-windows-x86_64 | 1.0.0 | 4.00 | 51.00 | 55.00 | NOTE | 
Version: 1.0.0
Check: CRAN incoming feasibility
Result: NOTE
  Maintainer: ‘Alan Tseng <alan.tseng@alum.utoronto.ca>’
  
  No Authors@R field in DESCRIPTION.
  Please add one, modifying
    Authors@R: person(given = "Alan",
                      family = "Tseng",
                      role = c("aut", "cre"),
                      email = "alan.tseng@alum.utoronto.ca")
  as necessary.
Flavors: r-devel-linux-x86_64-debian-clang, r-devel-linux-x86_64-debian-gcc
Version: 1.0.0
Check: LazyData
Result: NOTE
    'LazyData' is specified without a 'data' directory
Flavors: r-oldrel-macos-arm64, r-oldrel-macos-x86_64, r-oldrel-windows-x86_64