Last updated on 2025-10-31 13:50:54 CET.
| Flavor | Version | Tinstall | Tcheck | Ttotal | Status | Flags | 
|---|---|---|---|---|---|---|
| r-devel-linux-x86_64-debian-clang | 1.2.1 | 2.44 | 32.09 | 34.53 | NOTE | |
| r-devel-linux-x86_64-debian-gcc | 1.2.1 | 1.90 | 23.29 | 25.19 | NOTE | |
| r-devel-linux-x86_64-fedora-clang | 1.2.1 | 13.00 | 41.96 | 54.96 | NOTE | |
| r-devel-linux-x86_64-fedora-gcc | 1.2.1 | 50.25 | NOTE | |||
| r-devel-windows-x86_64 | 1.2.1 | 4.00 | 47.00 | 51.00 | NOTE | |
| r-patched-linux-x86_64 | 1.2.1 | 2.40 | 30.39 | 32.79 | NOTE | |
| r-release-linux-x86_64 | 1.2.1 | 2.27 | 30.26 | 32.53 | NOTE | |
| r-release-macos-arm64 | 1.2.1 | 2.00 | 19.00 | 21.00 | NOTE | |
| r-release-macos-x86_64 | 1.2.1 | 2.00 | 37.00 | 39.00 | NOTE | |
| r-release-windows-x86_64 | 1.2.1 | 5.00 | 49.00 | 54.00 | NOTE | |
| r-oldrel-macos-arm64 | 1.2.1 | 1.00 | 18.00 | 19.00 | NOTE | |
| r-oldrel-macos-x86_64 | 1.2.1 | 2.00 | 28.00 | 30.00 | NOTE | |
| r-oldrel-windows-x86_64 | 1.2.1 | 3.00 | 50.00 | 53.00 | NOTE | 
Version: 1.2.1
Check: CRAN incoming feasibility
Result: NOTE
  Maintainer: ‘Nikola Kasprikova <nikola.kasprikova@lf1.cuni.cz>’
  
  No Authors@R field in DESCRIPTION.
  Please add one, modifying
    Authors@R: person(given = "Nikola",
                      family = "Kasprikova",
                      role = c("aut", "cre"),
                      email = "nikola.kasprikova@lf1.cuni.cz")
  as necessary.
Flavors: r-devel-linux-x86_64-debian-clang, r-devel-linux-x86_64-debian-gcc
Version: 1.2.1
Check: Rd files
Result: NOTE
  checkRd: (-1) k.Rd:27: Lost braces
      27 |  code{\link{ACSPlan-class}}, 
         |      ^
Flavors: r-devel-linux-x86_64-debian-clang, r-devel-linux-x86_64-debian-gcc, r-devel-linux-x86_64-fedora-clang, r-devel-linux-x86_64-fedora-gcc, r-devel-windows-x86_64, r-patched-linux-x86_64, r-release-linux-x86_64, r-release-macos-arm64, r-release-macos-x86_64, r-release-windows-x86_64, r-oldrel-macos-arm64, r-oldrel-macos-x86_64, r-oldrel-windows-x86_64