Last updated on 2025-10-31 13:50:54 CET.
| Flavor | Version | Tinstall | Tcheck | Ttotal | Status | Flags | 
|---|---|---|---|---|---|---|
| r-devel-linux-x86_64-debian-clang | 1.0.3 | 1.84 | 26.17 | 28.01 | NOTE | |
| r-devel-linux-x86_64-debian-gcc | 1.0.3 | 1.64 | 20.70 | 22.34 | NOTE | |
| r-devel-linux-x86_64-fedora-clang | 1.0.3 | 12.00 | 30.30 | 42.30 | NOTE | |
| r-devel-linux-x86_64-fedora-gcc | 1.0.3 | 38.51 | NOTE | |||
| r-devel-windows-x86_64 | 1.0.3 | 4.00 | 42.00 | 46.00 | NOTE | |
| r-patched-linux-x86_64 | 1.0.3 | 2.32 | 22.98 | 25.30 | NOTE | |
| r-release-linux-x86_64 | 1.0.3 | 1.91 | 23.30 | 25.21 | NOTE | |
| r-release-macos-arm64 | 1.0.3 | 1.00 | 17.00 | 18.00 | NOTE | |
| r-release-macos-x86_64 | 1.0.3 | 2.00 | 41.00 | 43.00 | NOTE | |
| r-release-windows-x86_64 | 1.0.3 | 4.00 | 46.00 | 50.00 | NOTE | |
| r-oldrel-macos-arm64 | 1.0.3 | 1.00 | 15.00 | 16.00 | NOTE | |
| r-oldrel-macos-x86_64 | 1.0.3 | 2.00 | 23.00 | 25.00 | NOTE | |
| r-oldrel-windows-x86_64 | 1.0.3 | 3.00 | 51.00 | 54.00 | NOTE | 
Version: 1.0.3
Check: CRAN incoming feasibility
Result: NOTE
  Maintainer: ‘Sean Jewell <swjewell@uw.edu>’
  
  The Description field contains
    <arXiv:1703.08644>.
  Please refer to arXiv e-prints via their arXiv DOI <doi:10.48550/arXiv.YYMM.NNNNN>.
Flavors: r-devel-linux-x86_64-debian-clang, r-devel-linux-x86_64-debian-gcc
Version: 1.0.3
Check: Rd files
Result: NOTE
  checkRd: (-1) LZeroSpikeInference.Rd:20: Lost braces; missing escapes or markup?
      20 | minimize_{c1,...,cT} 0.5 sum_{t=1}^T ( y_t - c_t )^2 + lambda sum_{t=2}^T 1_{c_t neq gamma c_{t-1} }
         |          ^
  checkRd: (-1) LZeroSpikeInference.Rd:20: Lost braces; missing escapes or markup?
      20 | minimize_{c1,...,cT} 0.5 sum_{t=1}^T ( y_t - c_t )^2 + lambda sum_{t=2}^T 1_{c_t neq gamma c_{t-1} }
         |                              ^
  checkRd: (-1) LZeroSpikeInference.Rd:20: Lost braces; missing escapes or markup?
      20 | minimize_{c1,...,cT} 0.5 sum_{t=1}^T ( y_t - c_t )^2 + lambda sum_{t=2}^T 1_{c_t neq gamma c_{t-1} }
         |                                                                   ^
  checkRd: (-1) LZeroSpikeInference.Rd:20: Lost braces
      20 | minimize_{c1,...,cT} 0.5 sum_{t=1}^T ( y_t - c_t )^2 + lambda sum_{t=2}^T 1_{c_t neq gamma c_{t-1} }
         |                                                                             ^
  checkRd: (-1) LZeroSpikeInference.Rd:20: Lost braces; missing escapes or markup?
      20 | minimize_{c1,...,cT} 0.5 sum_{t=1}^T ( y_t - c_t )^2 + lambda sum_{t=2}^T 1_{c_t neq gamma c_{t-1} }
         |                                                                                              ^
  checkRd: (-1) LZeroSpikeInference.Rd:28: Lost braces; missing escapes or markup?
      28 | minimize_{c1,...,cT,b1,...,bT} 0.5 sum_{t=1}^T (y_t - c_t - b_t)^2 + lambda sum_{t=2}^T 1_{c_t neq gamma c_{t-1}, b_t neq b_{t-1} }
         |          ^
  checkRd: (-1) LZeroSpikeInference.Rd:28: Lost braces; missing escapes or markup?
      28 | minimize_{c1,...,cT,b1,...,bT} 0.5 sum_{t=1}^T (y_t - c_t - b_t)^2 + lambda sum_{t=2}^T 1_{c_t neq gamma c_{t-1}, b_t neq b_{t-1} }
         |                                        ^
  checkRd: (-1) LZeroSpikeInference.Rd:28: Lost braces; missing escapes or markup?
      28 | minimize_{c1,...,cT,b1,...,bT} 0.5 sum_{t=1}^T (y_t - c_t - b_t)^2 + lambda sum_{t=2}^T 1_{c_t neq gamma c_{t-1}, b_t neq b_{t-1} }
         |                                                                                 ^
  checkRd: (-1) LZeroSpikeInference.Rd:28: Lost braces
      28 | minimize_{c1,...,cT,b1,...,bT} 0.5 sum_{t=1}^T (y_t - c_t - b_t)^2 + lambda sum_{t=2}^T 1_{c_t neq gamma c_{t-1}, b_t neq b_{t-1} }
         |                                                                                           ^
  checkRd: (-1) LZeroSpikeInference.Rd:28: Lost braces; missing escapes or markup?
      28 | minimize_{c1,...,cT,b1,...,bT} 0.5 sum_{t=1}^T (y_t - c_t - b_t)^2 + lambda sum_{t=2}^T 1_{c_t neq gamma c_{t-1}, b_t neq b_{t-1} }
         |                                                                                                            ^
  checkRd: (-1) LZeroSpikeInference.Rd:28: Lost braces; missing escapes or markup?
      28 | minimize_{c1,...,cT,b1,...,bT} 0.5 sum_{t=1}^T (y_t - c_t - b_t)^2 + lambda sum_{t=2}^T 1_{c_t neq gamma c_{t-1}, b_t neq b_{t-1} }
         |                                                                                                                             ^
  checkRd: (-1) LZeroSpikeInference.Rd:29: Lost braces; missing escapes or markup?
      29 | where the indicator variable 1_{(A,B)} equals 1 if the event A cup B holds, and equals zero otherwise.
         |                                ^
  checkRd: (-1) cv.estimateSpikes.Rd:50: Lost braces; missing escapes or markup?
      50 | minimize_{c1,...,cT} 0.5 sum_{t=1}^T ( y_t - c_t )^2 + lambda sum_{t=2}^T 1_{c_t neq gamma c_{t-1} }
         |          ^
  checkRd: (-1) cv.estimateSpikes.Rd:50: Lost braces; missing escapes or markup?
      50 | minimize_{c1,...,cT} 0.5 sum_{t=1}^T ( y_t - c_t )^2 + lambda sum_{t=2}^T 1_{c_t neq gamma c_{t-1} }
         |                              ^
  checkRd: (-1) cv.estimateSpikes.Rd:50: Lost braces; missing escapes or markup?
      50 | minimize_{c1,...,cT} 0.5 sum_{t=1}^T ( y_t - c_t )^2 + lambda sum_{t=2}^T 1_{c_t neq gamma c_{t-1} }
         |                                                                   ^
  checkRd: (-1) cv.estimateSpikes.Rd:50: Lost braces
      50 | minimize_{c1,...,cT} 0.5 sum_{t=1}^T ( y_t - c_t )^2 + lambda sum_{t=2}^T 1_{c_t neq gamma c_{t-1} }
         |                                                                             ^
  checkRd: (-1) cv.estimateSpikes.Rd:50: Lost braces; missing escapes or markup?
      50 | minimize_{c1,...,cT} 0.5 sum_{t=1}^T ( y_t - c_t )^2 + lambda sum_{t=2}^T 1_{c_t neq gamma c_{t-1} }
         |                                                                                              ^
  checkRd: (-1) cv.estimateSpikes.Rd:59: Lost braces; missing escapes or markup?
      59 | minimize_{c1,...,cT,b1,...,bT} 0.5 sum_{t=1}^T (y_t - c_t - b_t)^2 + lambda sum_{t=2}^T 1_{c_t neq gamma c_{t-1}, b_t neq b_{t-1} }
         |          ^
  checkRd: (-1) cv.estimateSpikes.Rd:59: Lost braces; missing escapes or markup?
      59 | minimize_{c1,...,cT,b1,...,bT} 0.5 sum_{t=1}^T (y_t - c_t - b_t)^2 + lambda sum_{t=2}^T 1_{c_t neq gamma c_{t-1}, b_t neq b_{t-1} }
         |                                        ^
  checkRd: (-1) cv.estimateSpikes.Rd:59: Lost braces; missing escapes or markup?
      59 | minimize_{c1,...,cT,b1,...,bT} 0.5 sum_{t=1}^T (y_t - c_t - b_t)^2 + lambda sum_{t=2}^T 1_{c_t neq gamma c_{t-1}, b_t neq b_{t-1} }
         |                                                                                 ^
  checkRd: (-1) cv.estimateSpikes.Rd:59: Lost braces
      59 | minimize_{c1,...,cT,b1,...,bT} 0.5 sum_{t=1}^T (y_t - c_t - b_t)^2 + lambda sum_{t=2}^T 1_{c_t neq gamma c_{t-1}, b_t neq b_{t-1} }
         |                                                                                           ^
  checkRd: (-1) cv.estimateSpikes.Rd:59: Lost braces; missing escapes or markup?
      59 | minimize_{c1,...,cT,b1,...,bT} 0.5 sum_{t=1}^T (y_t - c_t - b_t)^2 + lambda sum_{t=2}^T 1_{c_t neq gamma c_{t-1}, b_t neq b_{t-1} }
         |                                                                                                            ^
  checkRd: (-1) cv.estimateSpikes.Rd:59: Lost braces; missing escapes or markup?
      59 | minimize_{c1,...,cT,b1,...,bT} 0.5 sum_{t=1}^T (y_t - c_t - b_t)^2 + lambda sum_{t=2}^T 1_{c_t neq gamma c_{t-1}, b_t neq b_{t-1} }
         |                                                                                                                             ^
  checkRd: (-1) cv.estimateSpikes.Rd:60: Lost braces; missing escapes or markup?
      60 | where the indicator variable 1_{(A,B)} equals 1 if the event A cup B holds, and equals zero otherwise.
         |                                ^
  checkRd: (-1) estimateSpikes.Rd:41: Lost braces; missing escapes or markup?
      41 | minimize_{c1,...,cT} 0.5 sum_{t=1}^T ( y_t - c_t )^2 + lambda sum_{t=2}^T 1_{c_t neq gamma c_{t-1} }
         |          ^
  checkRd: (-1) estimateSpikes.Rd:41: Lost braces; missing escapes or markup?
      41 | minimize_{c1,...,cT} 0.5 sum_{t=1}^T ( y_t - c_t )^2 + lambda sum_{t=2}^T 1_{c_t neq gamma c_{t-1} }
         |                              ^
  checkRd: (-1) estimateSpikes.Rd:41: Lost braces; missing escapes or markup?
      41 | minimize_{c1,...,cT} 0.5 sum_{t=1}^T ( y_t - c_t )^2 + lambda sum_{t=2}^T 1_{c_t neq gamma c_{t-1} }
         |                                                                   ^
  checkRd: (-1) estimateSpikes.Rd:41: Lost braces
      41 | minimize_{c1,...,cT} 0.5 sum_{t=1}^T ( y_t - c_t )^2 + lambda sum_{t=2}^T 1_{c_t neq gamma c_{t-1} }
         |                                                                             ^
  checkRd: (-1) estimateSpikes.Rd:41: Lost braces; missing escapes or markup?
      41 | minimize_{c1,...,cT} 0.5 sum_{t=1}^T ( y_t - c_t )^2 + lambda sum_{t=2}^T 1_{c_t neq gamma c_{t-1} }
         |                                                                                              ^
  checkRd: (-1) estimateSpikes.Rd:49: Lost braces; missing escapes or markup?
      49 | minimize_{c1,...,cT,b1,...,bT} 0.5 sum_{t=1}^T (y_t - c_t - b_t)^2 + lambda sum_{t=2}^T 1_{c_t neq gamma c_{t-1}, b_t neq b_{t-1} }
         |          ^
  checkRd: (-1) estimateSpikes.Rd:49: Lost braces; missing escapes or markup?
      49 | minimize_{c1,...,cT,b1,...,bT} 0.5 sum_{t=1}^T (y_t - c_t - b_t)^2 + lambda sum_{t=2}^T 1_{c_t neq gamma c_{t-1}, b_t neq b_{t-1} }
         |                                        ^
  checkRd: (-1) estimateSpikes.Rd:49: Lost braces; missing escapes or markup?
      49 | minimize_{c1,...,cT,b1,...,bT} 0.5 sum_{t=1}^T (y_t - c_t - b_t)^2 + lambda sum_{t=2}^T 1_{c_t neq gamma c_{t-1}, b_t neq b_{t-1} }
         |                                                                                 ^
  checkRd: (-1) estimateSpikes.Rd:49: Lost braces
      49 | minimize_{c1,...,cT,b1,...,bT} 0.5 sum_{t=1}^T (y_t - c_t - b_t)^2 + lambda sum_{t=2}^T 1_{c_t neq gamma c_{t-1}, b_t neq b_{t-1} }
         |                                                                                           ^
  checkRd: (-1) estimateSpikes.Rd:49: Lost braces; missing escapes or markup?
      49 | minimize_{c1,...,cT,b1,...,bT} 0.5 sum_{t=1}^T (y_t - c_t - b_t)^2 + lambda sum_{t=2}^T 1_{c_t neq gamma c_{t-1}, b_t neq b_{t-1} }
         |                                                                                                            ^
  checkRd: (-1) estimateSpikes.Rd:49: Lost braces; missing escapes or markup?
      49 | minimize_{c1,...,cT,b1,...,bT} 0.5 sum_{t=1}^T (y_t - c_t - b_t)^2 + lambda sum_{t=2}^T 1_{c_t neq gamma c_{t-1}, b_t neq b_{t-1} }
         |                                                                                                                             ^
  checkRd: (-1) estimateSpikes.Rd:50: Lost braces; missing escapes or markup?
      50 | where the indicator variable 1_{(A,B)} equals 1 if the event A cup B holds, and equals zero otherwise.
         |                                ^
  checkRd: (-1) simulateAR1.Rd:31: Lost braces; missing escapes or markup?
      31 | c_t = gam * c_{t-1} + s_t
         |               ^
Flavors: r-devel-linux-x86_64-debian-clang, r-devel-linux-x86_64-debian-gcc, r-devel-linux-x86_64-fedora-clang, r-devel-linux-x86_64-fedora-gcc, r-devel-windows-x86_64, r-patched-linux-x86_64, r-release-linux-x86_64, r-release-macos-arm64, r-release-macos-x86_64, r-release-windows-x86_64, r-oldrel-macos-arm64, r-oldrel-macos-x86_64, r-oldrel-windows-x86_64
Version: 1.0.3
Check: LazyData
Result: NOTE
    'LazyData' is specified without a 'data' directory
Flavors: r-oldrel-macos-arm64, r-oldrel-macos-x86_64, r-oldrel-windows-x86_64