Last updated on 2025-10-31 13:50:53 CET.
| Flavor | Version | Tinstall | Tcheck | Ttotal | Status | Flags | 
|---|---|---|---|---|---|---|
| r-devel-linux-x86_64-debian-clang | 0.1.0 | 10.41 | 52.84 | 63.25 | NOTE | |
| r-devel-linux-x86_64-debian-gcc | 0.1.0 | 6.74 | 36.45 | 43.19 | NOTE | |
| r-devel-linux-x86_64-fedora-clang | 0.1.0 | 57.00 | 49.13 | 106.13 | NOTE | |
| r-devel-linux-x86_64-fedora-gcc | 0.1.0 | 32.00 | 60.36 | 92.36 | NOTE | |
| r-devel-windows-x86_64 | 0.1.0 | 11.00 | 67.00 | 78.00 | NOTE | |
| r-patched-linux-x86_64 | 0.1.0 | 10.90 | 49.60 | 60.50 | NOTE | |
| r-release-linux-x86_64 | 0.1.0 | 10.63 | 50.14 | 60.77 | NOTE | |
| r-release-macos-arm64 | 0.1.0 | 4.00 | 23.00 | 27.00 | NOTE | |
| r-release-macos-x86_64 | 0.1.0 | 8.00 | 42.00 | 50.00 | NOTE | |
| r-release-windows-x86_64 | 0.1.0 | 11.00 | 69.00 | 80.00 | NOTE | |
| r-oldrel-macos-arm64 | 0.1.0 | 4.00 | 24.00 | 28.00 | NOTE | |
| r-oldrel-macos-x86_64 | 0.1.0 | 7.00 | 33.00 | 40.00 | NOTE | |
| r-oldrel-windows-x86_64 | 0.1.0 | 16.00 | 82.00 | 98.00 | NOTE | 
Version: 0.1.0
Check: Rd files
Result: NOTE
  checkRd: (-1) S2mu.Rd:18: Lost braces; missing escapes or markup?
      18 | \code{S2mu} computes a estimation of the variance, given a sample {x} with known population mean (denoted by \code{mu}).
         |                                                                   ^
  checkRd: (-1) sample.quantile.Rd:20: Lost braces; missing escapes or markup?
      20 | \code{sample.quantile} computes a estimation of different quantiles, given a sample {x}, using order statistics.
         |                                                                                     ^
Flavors: r-devel-linux-x86_64-debian-clang, r-devel-linux-x86_64-debian-gcc, r-devel-linux-x86_64-fedora-clang, r-devel-linux-x86_64-fedora-gcc, r-devel-windows-x86_64, r-patched-linux-x86_64, r-release-linux-x86_64, r-release-macos-arm64, r-release-macos-x86_64, r-release-windows-x86_64, r-oldrel-macos-arm64, r-oldrel-macos-x86_64, r-oldrel-windows-x86_64