Last updated on 2025-10-31 13:50:53 CET.
| Flavor | Version | Tinstall | Tcheck | Ttotal | Status | Flags | 
|---|---|---|---|---|---|---|
| r-devel-linux-x86_64-debian-clang | 1.0 | 1.54 | 21.02 | 22.56 | OK | |
| r-devel-linux-x86_64-debian-gcc | 1.0 | 1.23 | 16.54 | 17.77 | OK | |
| r-devel-linux-x86_64-fedora-clang | 1.0 | 35.23 | OK | |||
| r-devel-linux-x86_64-fedora-gcc | 1.0 | 32.57 | OK | |||
| r-devel-windows-x86_64 | 1.0 | 2.00 | 35.00 | 37.00 | OK | |
| r-patched-linux-x86_64 | 1.0 | 1.42 | 19.58 | 21.00 | OK | |
| r-release-linux-x86_64 | 1.0 | 1.51 | 19.52 | 21.03 | OK | |
| r-release-macos-arm64 | 1.0 | 1.00 | 12.00 | 13.00 | OK | |
| r-release-macos-x86_64 | 1.0 | 1.00 | 22.00 | 23.00 | OK | |
| r-release-windows-x86_64 | 1.0 | 3.00 | 36.00 | 39.00 | OK | |
| r-oldrel-macos-arm64 | 1.0 | 1.00 | 12.00 | 13.00 | NOTE | |
| r-oldrel-macos-x86_64 | 1.0 | 1.00 | 20.00 | 21.00 | NOTE | |
| r-oldrel-windows-x86_64 | 1.0 | 3.00 | 36.00 | 39.00 | NOTE | 
Version: 1.0
Check: LazyData
Result: NOTE
    'LazyData' is specified without a 'data' directory
Flavors: r-oldrel-macos-arm64, r-oldrel-macos-x86_64, r-oldrel-windows-x86_64