Last updated on 2025-11-01 00:50:03 CET.
| Flavor | Version | Tinstall | Tcheck | Ttotal | Status | Flags |
|---|---|---|---|---|---|---|
| r-devel-linux-x86_64-debian-clang | 3.11.10 | 17.92 | 277.18 | 295.10 | OK | |
| r-devel-linux-x86_64-debian-gcc | 3.11.10 | 13.29 | 182.43 | 195.72 | OK | |
| r-devel-linux-x86_64-fedora-clang | 3.11.10 | 97.00 | 384.29 | 481.29 | OK | |
| r-devel-linux-x86_64-fedora-gcc | 3.11.10 | 52.00 | 430.95 | 482.95 | OK | |
| r-devel-windows-x86_64 | 3.11.10 | 20.00 | 285.00 | 305.00 | OK | |
| r-patched-linux-x86_64 | 3.11.10 | 23.38 | 261.59 | 284.97 | OK | |
| r-release-linux-x86_64 | 3.11.10 | 17.74 | 267.18 | 284.92 | OK | |
| r-release-macos-arm64 | 3.11.10 | 8.00 | 148.00 | 156.00 | OK | |
| r-release-macos-x86_64 | 3.11.10 | 20.00 | 237.00 | 257.00 | OK | |
| r-release-windows-x86_64 | 3.11.10 | 22.00 | 298.00 | 320.00 | OK | |
| r-oldrel-macos-arm64 | 3.11.10 | 9.00 | 104.00 | 113.00 | NOTE | |
| r-oldrel-macos-x86_64 | 3.11.10 | 15.00 | 230.00 | 245.00 | NOTE | |
| r-oldrel-windows-x86_64 | 3.11.10 | 32.00 | 358.00 | 390.00 | NOTE |
Version: 3.11.10
Check: package dependencies
Result: NOTE
Package suggested but not available for checking: ‘marssTMB’
Flavors: r-oldrel-macos-arm64, r-oldrel-macos-x86_64, r-oldrel-windows-x86_64