Last updated on 2025-10-31 13:50:54 CET.
| Flavor | Version | Tinstall | Tcheck | Ttotal | Status | Flags | 
|---|---|---|---|---|---|---|
| r-devel-linux-x86_64-debian-clang | 2.0-1 | 2.20 | 26.30 | 28.50 | NOTE | |
| r-devel-linux-x86_64-debian-gcc | 2.0-1 | 1.79 | 20.72 | 22.51 | NOTE | |
| r-devel-linux-x86_64-fedora-clang | 2.0-1 | 43.78 | NOTE | |||
| r-devel-linux-x86_64-fedora-gcc | 2.0-1 | 41.09 | NOTE | |||
| r-devel-windows-x86_64 | 2.0-1 | 4.00 | 44.00 | 48.00 | NOTE | |
| r-patched-linux-x86_64 | 2.0-1 | 2.92 | 24.69 | 27.61 | NOTE | |
| r-release-linux-x86_64 | 2.0-1 | 2.36 | 25.03 | 27.39 | NOTE | |
| r-release-macos-arm64 | 2.0-1 | 1.00 | 16.00 | 17.00 | NOTE | |
| r-release-macos-x86_64 | 2.0-1 | 2.00 | 31.00 | 33.00 | NOTE | |
| r-release-windows-x86_64 | 2.0-1 | 4.00 | 45.00 | 49.00 | NOTE | |
| r-oldrel-macos-arm64 | 2.0-1 | 1.00 | 15.00 | 16.00 | NOTE | |
| r-oldrel-macos-x86_64 | 2.0-1 | 2.00 | 21.00 | 23.00 | NOTE | |
| r-oldrel-windows-x86_64 | 2.0-1 | 4.00 | 44.00 | 48.00 | NOTE | 
Version: 2.0-1
Check: CRAN incoming feasibility
Result: NOTE
  Maintainer: ‘Nicolas E. Campione <ncampion@une.edu.au>’
  
  No Authors@R field in DESCRIPTION.
  Please add one, modifying
    Authors@R: person(given = c("Nicolas", "E."),
                      family = "Campione",
                      role = c("aut", "cre"),
                      email = "ncampion@une.edu.au")
  as necessary.
Flavors: r-devel-linux-x86_64-debian-clang, r-devel-linux-x86_64-debian-gcc
Version: 2.0-1
Check: Rd files
Result: NOTE
  checkRd: (-1) CF2004.Rd:8: Lost braces; missing escapes or markup?
       8 |   \item{X2}{an optional second variable with same length as \code{X}, should the equation be multiple (see Details) {in mm}}
         |                                                                                                                     ^
Flavors: r-devel-linux-x86_64-debian-clang, r-devel-linux-x86_64-debian-gcc, r-devel-linux-x86_64-fedora-clang, r-devel-linux-x86_64-fedora-gcc, r-devel-windows-x86_64, r-patched-linux-x86_64, r-release-linux-x86_64, r-release-macos-arm64, r-release-macos-x86_64, r-release-windows-x86_64, r-oldrel-macos-arm64, r-oldrel-macos-x86_64, r-oldrel-windows-x86_64