Last updated on 2025-10-31 13:50:55 CET.
| Flavor | Version | Tinstall | Tcheck | Ttotal | Status | Flags | 
|---|---|---|---|---|---|---|
| r-devel-linux-x86_64-debian-clang | 1.0.7 | 3.50 | 31.90 | 35.40 | NOTE | |
| r-devel-linux-x86_64-debian-gcc | 1.0.7 | 2.48 | 24.31 | 26.79 | NOTE | |
| r-devel-linux-x86_64-fedora-clang | 1.0.7 | 15.00 | 38.97 | 53.97 | OK | |
| r-devel-linux-x86_64-fedora-gcc | 1.0.7 | 14.00 | 38.79 | 52.79 | OK | |
| r-devel-windows-x86_64 | 1.0.7 | 4.00 | 52.00 | 56.00 | OK | |
| r-patched-linux-x86_64 | 1.0.7 | 4.52 | 29.74 | 34.26 | OK | |
| r-release-linux-x86_64 | 1.0.7 | 2.93 | 29.66 | 32.59 | OK | |
| r-release-macos-arm64 | 1.0.7 | 2.00 | 19.00 | 21.00 | OK | |
| r-release-macos-x86_64 | 1.0.7 | 3.00 | 29.00 | 32.00 | OK | |
| r-release-windows-x86_64 | 1.0.7 | 6.00 | 54.00 | 60.00 | OK | |
| r-oldrel-macos-arm64 | 1.0.7 | 1.00 | 16.00 | 17.00 | OK | |
| r-oldrel-macos-x86_64 | 1.0.7 | 2.00 | 25.00 | 27.00 | OK | |
| r-oldrel-windows-x86_64 | 1.0.7 | 5.00 | 60.00 | 65.00 | OK | 
Version: 1.0.7
Check: CRAN incoming feasibility
Result: NOTE
  Maintainer: ‘William H. Asquith <wasquith@usgs.gov>’
  
  No Authors@R field in DESCRIPTION.
  Please add one, modifying
    Authors@R: c(person(given = c("William", "H."),
                        family = "Asquith",
                        role = c("aut", "cre"),
                        email = "wasquith@usgs.gov"),
                 person(given = c("John", "F."),
                        family = "England",
                        role = c("aut", "ctb")),
                 person(given = c("George", "R."),
                        family = "Herrmann",
                        role = "ctb"))
  as necessary.
Flavors: r-devel-linux-x86_64-debian-clang, r-devel-linux-x86_64-debian-gcc