Last updated on 2025-10-31 13:50:55 CET.
| Flavor | Version | Tinstall | Tcheck | Ttotal | Status | Flags | 
|---|---|---|---|---|---|---|
| r-devel-linux-x86_64-debian-clang | 1.0.2 | 3.57 | 50.83 | 54.40 | OK | |
| r-devel-linux-x86_64-debian-gcc | 1.0.2 | 2.78 | 41.15 | 43.93 | OK | |
| r-devel-linux-x86_64-fedora-clang | 1.0.2 | 17.00 | 69.90 | 86.90 | OK | |
| r-devel-linux-x86_64-fedora-gcc | 1.0.2 | 18.00 | 68.77 | 86.77 | OK | |
| r-devel-windows-x86_64 | 1.0.2 | 5.00 | 70.00 | 75.00 | OK | |
| r-patched-linux-x86_64 | 1.0.2 | 3.64 | 48.84 | 52.48 | OK | |
| r-release-linux-x86_64 | 1.0.2 | 3.52 | 48.80 | 52.32 | OK | |
| r-release-macos-arm64 | 1.0.2 | 2.00 | 31.00 | 33.00 | OK | |
| r-release-macos-x86_64 | 1.0.2 | 3.00 | 53.00 | 56.00 | OK | |
| r-release-windows-x86_64 | 1.0.2 | 5.00 | 73.00 | 78.00 | OK | |
| r-oldrel-macos-arm64 | 1.0.2 | 2.00 | 28.00 | 30.00 | NOTE | |
| r-oldrel-macos-x86_64 | 1.0.2 | 3.00 | 40.00 | 43.00 | NOTE | |
| r-oldrel-windows-x86_64 | 1.0.2 | 6.00 | 84.00 | 90.00 | NOTE | 
Version: 1.0.2
Check: LazyData
Result: NOTE
    'LazyData' is specified without a 'data' directory
Flavors: r-oldrel-macos-arm64, r-oldrel-macos-x86_64, r-oldrel-windows-x86_64