Last updated on 2025-10-31 13:50:55 CET.
| Flavor | Version | Tinstall | Tcheck | Ttotal | Status | Flags | 
|---|---|---|---|---|---|---|
| r-devel-linux-x86_64-debian-clang | 1.0.1 | 1.76 | 24.32 | 26.08 | NOTE | |
| r-devel-linux-x86_64-debian-gcc | 1.0.1 | 1.30 | 20.17 | 21.47 | NOTE | |
| r-devel-linux-x86_64-fedora-clang | 1.0.1 | 39.67 | OK | |||
| r-devel-linux-x86_64-fedora-gcc | 1.0.1 | 39.70 | OK | |||
| r-devel-windows-x86_64 | 1.0.1 | 4.00 | 48.00 | 52.00 | OK | |
| r-patched-linux-x86_64 | 1.0.1 | 1.54 | 23.74 | 25.28 | OK | |
| r-release-linux-x86_64 | 1.0.1 | 1.33 | 23.64 | 24.97 | OK | |
| r-release-macos-arm64 | 1.0.1 | 1.00 | 17.00 | 18.00 | OK | |
| r-release-macos-x86_64 | 1.0.1 | 2.00 | 38.00 | 40.00 | OK | |
| r-release-windows-x86_64 | 1.0.1 | 2.00 | 50.00 | 52.00 | OK | |
| r-oldrel-macos-arm64 | 1.0.1 | 1.00 | 17.00 | 18.00 | OK | |
| r-oldrel-macos-x86_64 | 1.0.1 | 1.00 | 22.00 | 23.00 | OK | |
| r-oldrel-windows-x86_64 | 1.0.1 | 3.00 | 50.00 | 53.00 | OK | 
Version: 1.0.1
Check: CRAN incoming feasibility
Result: NOTE
  Maintainer: ‘Thomas Jaki <thomas.jaki@protonmail.com>’
  
  No Authors@R field in DESCRIPTION.
  Please add one, modifying
    Authors@R: person(given = "Thomas",
                      family = "Jaki",
                      role = c("aut", "cre"),
                      email = "thomas.jaki@protonmail.com")
  as necessary.
Flavors: r-devel-linux-x86_64-debian-clang, r-devel-linux-x86_64-debian-gcc