Last updated on 2025-10-31 13:50:55 CET.
| Flavor | Version | Tinstall | Tcheck | Ttotal | Status | Flags | 
|---|---|---|---|---|---|---|
| r-devel-linux-x86_64-debian-clang | 0.1.0 | 1.99 | 25.62 | 27.61 | NOTE | |
| r-devel-linux-x86_64-debian-gcc | 0.1.0 | 1.47 | 19.88 | 21.35 | NOTE | |
| r-devel-linux-x86_64-fedora-clang | 0.1.0 | 42.07 | OK | |||
| r-devel-linux-x86_64-fedora-gcc | 0.1.0 | 39.94 | OK | |||
| r-devel-windows-x86_64 | 0.1.0 | 4.00 | 51.00 | 55.00 | OK | |
| r-patched-linux-x86_64 | 0.1.0 | 2.81 | 24.11 | 26.92 | OK | |
| r-release-linux-x86_64 | 0.1.0 | 1.86 | 24.44 | 26.30 | OK | |
| r-release-macos-arm64 | 0.1.0 | 1.00 | 16.00 | 17.00 | OK | |
| r-release-macos-x86_64 | 0.1.0 | 2.00 | 25.00 | 27.00 | OK | |
| r-release-windows-x86_64 | 0.1.0 | 4.00 | 52.00 | 56.00 | OK | |
| r-oldrel-macos-arm64 | 0.1.0 | 1.00 | 15.00 | 16.00 | OK | |
| r-oldrel-macos-x86_64 | 0.1.0 | 2.00 | 22.00 | 24.00 | OK | |
| r-oldrel-windows-x86_64 | 0.1.0 | 4.00 | 50.00 | 54.00 | OK | 
Version: 0.1.0
Check: CRAN incoming feasibility
Result: NOTE
  Maintainer: ‘Nicola Sartori <nicola.sartori@unipd.it>’
  
  No Authors@R field in DESCRIPTION.
  Please add one, modifying
    Authors@R: c(person(given = "Nicola",
                        family = "Sartori",
                        role = c("aut", "cre"),
                        email = "nicola.sartori@unipd.it"),
                 person(given = "Alessandra",
                        family = "Salvan",
                        role = "aut"),
                 person(given = "Luigi",
                        family = "Pace",
                        role = "aut"))
  as necessary.
Flavors: r-devel-linux-x86_64-debian-clang, r-devel-linux-x86_64-debian-gcc