Last updated on 2025-10-31 13:50:55 CET.
| Flavor | Version | Tinstall | Tcheck | Ttotal | Status | Flags | 
|---|---|---|---|---|---|---|
| r-devel-linux-x86_64-debian-clang | 1.0.1 | 2.01 | 22.65 | 24.66 | NOTE | |
| r-devel-linux-x86_64-debian-gcc | 1.0.1 | 1.48 | 18.22 | 19.70 | NOTE | |
| r-devel-linux-x86_64-fedora-clang | 1.0.1 | 10.00 | 27.53 | 37.53 | OK | |
| r-devel-linux-x86_64-fedora-gcc | 1.0.1 | 10.00 | 25.87 | 35.87 | OK | |
| r-devel-windows-x86_64 | 1.0.1 | 4.00 | 37.00 | 41.00 | OK | |
| r-patched-linux-x86_64 | 1.0.1 | 2.12 | 21.09 | 23.21 | OK | |
| r-release-linux-x86_64 | 1.0.1 | 1.66 | 21.45 | 23.11 | OK | |
| r-release-macos-arm64 | 1.0.1 | 1.00 | 15.00 | 16.00 | OK | |
| r-release-macos-x86_64 | 1.0.1 | 2.00 | 23.00 | 25.00 | OK | |
| r-release-windows-x86_64 | 1.0.1 | 4.00 | 40.00 | 44.00 | OK | |
| r-oldrel-macos-arm64 | 1.0.1 | 1.00 | 14.00 | 15.00 | OK | |
| r-oldrel-macos-x86_64 | 1.0.1 | 2.00 | 19.00 | 21.00 | OK | |
| r-oldrel-windows-x86_64 | 1.0.1 | 4.00 | 39.00 | 43.00 | OK | 
Version: 1.0.1
Check: CRAN incoming feasibility
Result: NOTE
  Maintainer: ‘Jan Graffelman <jan.graffelman@upc.edu>’
  
  Package CITATION file contains call(s) to old-style personList() or
  as.personList().  Please use c() on person objects instead.
  Package CITATION file contains call(s) to old-style citEntry().  Please
  use bibentry() instead.
Flavors: r-devel-linux-x86_64-debian-clang, r-devel-linux-x86_64-debian-gcc