Last updated on 2025-10-31 13:50:55 CET.
| Flavor | Version | Tinstall | Tcheck | Ttotal | Status | Flags | 
|---|---|---|---|---|---|---|
| r-devel-linux-x86_64-debian-clang | 2.0.0 | 1.60 | 21.32 | 22.92 | NOTE | |
| r-devel-linux-x86_64-debian-gcc | 2.0.0 | 1.47 | 17.46 | 18.93 | NOTE | |
| r-devel-linux-x86_64-fedora-clang | 2.0.0 | 37.41 | OK | |||
| r-devel-linux-x86_64-fedora-gcc | 2.0.0 | 33.71 | OK | |||
| r-devel-windows-x86_64 | 2.0.0 | 3.00 | 39.00 | 42.00 | OK | |
| r-patched-linux-x86_64 | 2.0.0 | 1.78 | 20.01 | 21.79 | OK | |
| r-release-linux-x86_64 | 2.0.0 | 1.76 | 20.22 | 21.98 | OK | |
| r-release-macos-arm64 | 2.0.0 | 1.00 | 15.00 | 16.00 | OK | |
| r-release-macos-x86_64 | 2.0.0 | 2.00 | 24.00 | 26.00 | OK | |
| r-release-windows-x86_64 | 2.0.0 | 4.00 | 42.00 | 46.00 | OK | |
| r-oldrel-macos-arm64 | 2.0.0 | 1.00 | 13.00 | 14.00 | OK | |
| r-oldrel-macos-x86_64 | 2.0.0 | 2.00 | 21.00 | 23.00 | OK | |
| r-oldrel-windows-x86_64 | 2.0.0 | 3.00 | 40.00 | 43.00 | OK | 
Version: 2.0.0
Check: CRAN incoming feasibility
Result: NOTE
  Maintainer: ‘Chaojie Wang <wang910930@163.com>’
  
  No Authors@R field in DESCRIPTION.
  Please add one, modifying
    Authors@R: person(given = "Chaojie",
                      family = "Wang",
                      role = c("aut", "cre"),
                      email = "wang910930@163.com")
  as necessary.
Flavors: r-devel-linux-x86_64-debian-clang, r-devel-linux-x86_64-debian-gcc