Last updated on 2025-07-08 13:49:14 CEST.
Flavor | Version | Tinstall | Tcheck | Ttotal | Status | Flags |
---|---|---|---|---|---|---|
r-devel-linux-x86_64-debian-clang | 1.1.0 | 39.29 | 60.31 | 99.60 | OK | |
r-devel-linux-x86_64-debian-gcc | 1.1.0 | 29.75 | 46.32 | 76.07 | OK | |
r-devel-linux-x86_64-fedora-clang | 1.1.0 | 158.41 | NOTE | |||
r-devel-linux-x86_64-fedora-gcc | 1.1.0 | 165.88 | NOTE | |||
r-devel-windows-x86_64 | 1.1.0 | 44.00 | 89.00 | 133.00 | OK | |
r-patched-linux-x86_64 | 1.1.0 | 43.37 | 59.57 | 102.94 | OK | |
r-release-linux-x86_64 | 1.1.0 | 42.78 | 57.41 | 100.19 | OK | |
r-release-macos-arm64 | 1.1.0 | 53.00 | OK | |||
r-release-macos-x86_64 | 1.1.0 | 93.00 | OK | |||
r-release-windows-x86_64 | 1.1.0 | 44.00 | 92.00 | 136.00 | OK | |
r-oldrel-macos-arm64 | 1.1.0 | 45.00 | OK | |||
r-oldrel-macos-x86_64 | 1.1.0 | 64.00 | OK | |||
r-oldrel-windows-x86_64 | 1.1.0 | 55.00 | 107.00 | 162.00 | OK |
Version: 1.1.0
Check: dependencies in R code
Result: NOTE
Namespace in Imports field not imported from: ‘GFM’
All declared Imports should be used.
Flavors: r-devel-linux-x86_64-fedora-clang, r-devel-linux-x86_64-fedora-gcc