Last updated on 2025-10-31 13:50:56 CET.
| Flavor | Version | Tinstall | Tcheck | Ttotal | Status | Flags | 
|---|---|---|---|---|---|---|
| r-devel-linux-x86_64-debian-clang | 1.5 | 1.57 | 17.67 | 19.24 | NOTE | |
| r-devel-linux-x86_64-debian-gcc | 1.5 | 1.20 | 14.63 | 15.83 | NOTE | |
| r-devel-linux-x86_64-fedora-clang | 1.5 | 28.70 | OK | |||
| r-devel-linux-x86_64-fedora-gcc | 1.5 | 27.77 | OK | |||
| r-devel-windows-x86_64 | 1.5 | 3.00 | 34.00 | 37.00 | OK | |
| r-patched-linux-x86_64 | 1.5 | 1.60 | 16.94 | 18.54 | OK | |
| r-release-linux-x86_64 | 1.5 | 1.35 | 16.71 | 18.06 | OK | |
| r-release-macos-arm64 | 1.5 | 1.00 | 16.00 | 17.00 | OK | |
| r-release-macos-x86_64 | 1.5 | 2.00 | 21.00 | 23.00 | OK | |
| r-release-windows-x86_64 | 1.5 | 3.00 | 35.00 | 38.00 | OK | |
| r-oldrel-macos-arm64 | 1.5 | 1.00 | 12.00 | 13.00 | OK | |
| r-oldrel-macos-x86_64 | 1.5 | 1.00 | 19.00 | 20.00 | OK | |
| r-oldrel-windows-x86_64 | 1.5 | 3.00 | 35.00 | 38.00 | OK | 
Version: 1.5
Check: CRAN incoming feasibility
Result: NOTE
  Maintainer: ‘Hasan BULUT <hasan.bulut@omu.edu.tr>’
  
  No Authors@R field in DESCRIPTION.
  Please add one, modifying
    Authors@R: person(given = "Hasan",
                      family = "BULUT",
                      role = c("aut", "cre"),
                      email = "hasan.bulut@omu.edu.tr")
  as necessary.
Flavors: r-devel-linux-x86_64-debian-clang, r-devel-linux-x86_64-debian-gcc