Last updated on 2025-10-31 13:50:54 CET.
| Flavor | Version | Tinstall | Tcheck | Ttotal | Status | Flags | 
|---|---|---|---|---|---|---|
| r-devel-linux-x86_64-debian-clang | 0.1.0 | 2.98 | 28.09 | 31.07 | NOTE | |
| r-devel-linux-x86_64-debian-gcc | 0.1.0 | 2.21 | 23.04 | 25.25 | NOTE | |
| r-devel-linux-x86_64-fedora-clang | 0.1.0 | 45.25 | OK | |||
| r-devel-linux-x86_64-fedora-gcc | 0.1.0 | 12.00 | 33.89 | 45.89 | OK | |
| r-devel-windows-x86_64 | 0.1.0 | 5.00 | 54.00 | 59.00 | OK | |
| r-patched-linux-x86_64 | 0.1.0 | 3.16 | 26.87 | 30.03 | OK | |
| r-release-linux-x86_64 | 0.1.0 | 2.64 | 26.78 | 29.42 | OK | |
| r-release-macos-arm64 | 0.1.0 | 2.00 | 19.00 | 21.00 | OK | |
| r-release-macos-x86_64 | 0.1.0 | 2.00 | 35.00 | 37.00 | OK | |
| r-release-windows-x86_64 | 0.1.0 | 4.00 | 56.00 | 60.00 | OK | |
| r-oldrel-macos-arm64 | 0.1.0 | 1.00 | 18.00 | 19.00 | OK | |
| r-oldrel-macos-x86_64 | 0.1.0 | 3.00 | 26.00 | 29.00 | OK | |
| r-oldrel-windows-x86_64 | 0.1.0 | 5.00 | 58.00 | 63.00 | OK | 
Version: 0.1.0
Check: CRAN incoming feasibility
Result: NOTE
  Maintainer: ‘Luciane Ferreira Alcoforado <lucianea@id.uff.br>’
  
  No Authors@R field in DESCRIPTION.
  Please add one, modifying
    Authors@R: person(given = c("Luciane", "Ferreira"),
                      family = "Alcoforado",
                      role = c("aut", "cre"),
                      email = "lucianea@id.uff.br")
  as necessary.
Flavors: r-devel-linux-x86_64-debian-clang, r-devel-linux-x86_64-debian-gcc