Last updated on 2025-10-31 13:50:54 CET.
| Flavor | Version | Tinstall | Tcheck | Ttotal | Status | Flags | 
|---|---|---|---|---|---|---|
| r-devel-linux-x86_64-debian-clang | 0.1.5 | 2.06 | 25.00 | 27.06 | NOTE | |
| r-devel-linux-x86_64-debian-gcc | 0.1.5 | 1.47 | 18.74 | 20.21 | NOTE | |
| r-devel-linux-x86_64-fedora-clang | 0.1.5 | 41.08 | OK | |||
| r-devel-linux-x86_64-fedora-gcc | 0.1.5 | 40.46 | OK | |||
| r-devel-windows-x86_64 | 0.1.5 | 3.00 | 38.00 | 41.00 | OK | |
| r-patched-linux-x86_64 | 0.1.5 | 1.67 | 23.30 | 24.97 | OK | |
| r-release-linux-x86_64 | 0.1.5 | 1.52 | 23.16 | 24.68 | OK | |
| r-release-macos-arm64 | 0.1.5 | 1.00 | 16.00 | 17.00 | OK | |
| r-release-macos-x86_64 | 0.1.5 | 2.00 | 23.00 | 25.00 | OK | |
| r-release-windows-x86_64 | 0.1.5 | 4.00 | 38.00 | 42.00 | OK | |
| r-oldrel-macos-arm64 | 0.1.5 | 1.00 | 14.00 | 15.00 | OK | |
| r-oldrel-macos-x86_64 | 0.1.5 | 2.00 | 26.00 | 28.00 | OK | |
| r-oldrel-windows-x86_64 | 0.1.5 | 3.00 | 39.00 | 42.00 | OK | 
Version: 0.1.5
Check: CRAN incoming feasibility
Result: NOTE
  Maintainer: ‘Michael P.B. Gallaugher <gallaump@mcmaster.ca>’
  
  No Authors@R field in DESCRIPTION.
  Please add one, modifying
    Authors@R: c(person(given = c("Michael", "P.B."),
                        family = "Gallaugher",
                        role = c("aut", "cre"),
                        email = "gallaump@mcmaster.ca"),
                 person(given = c("Paul", "D."),
                        family = "McNicholas",
                        role = "aut"))
  as necessary.
Flavors: r-devel-linux-x86_64-debian-clang, r-devel-linux-x86_64-debian-gcc