Last updated on 2025-10-31 13:50:54 CET.
| Flavor | Version | Tinstall | Tcheck | Ttotal | Status | Flags | 
|---|---|---|---|---|---|---|
| r-devel-linux-x86_64-debian-clang | 1.0 | 16.09 | 24.01 | 40.10 | NOTE | |
| r-devel-linux-x86_64-debian-gcc | 1.0 | 10.43 | 19.99 | 30.42 | NOTE | |
| r-devel-linux-x86_64-fedora-clang | 1.0 | 35.00 | 32.04 | 67.04 | NOTE | |
| r-devel-linux-x86_64-fedora-gcc | 1.0 | 68.00 | -5.21 | 62.79 | NOTE | |
| r-devel-windows-x86_64 | 1.0 | 20.00 | 54.00 | 74.00 | OK | |
| r-patched-linux-x86_64 | 1.0 | 14.91 | 22.96 | 37.87 | OK | |
| r-release-linux-x86_64 | 1.0 | 15.73 | 23.02 | 38.75 | OK | |
| r-release-macos-arm64 | 1.0 | 10.00 | 29.00 | 39.00 | OK | |
| r-release-macos-x86_64 | 1.0 | 10.00 | 24.00 | 34.00 | OK | |
| r-release-windows-x86_64 | 1.0 | 20.00 | 61.00 | 81.00 | OK | |
| r-oldrel-macos-arm64 | 1.0 | 7.00 | 15.00 | 22.00 | NOTE | |
| r-oldrel-macos-x86_64 | 1.0 | 10.00 | 21.00 | 31.00 | NOTE | |
| r-oldrel-windows-x86_64 | 1.0 | 23.00 | 67.00 | 90.00 | NOTE | 
Version: 1.0
Check: CRAN incoming feasibility
Result: NOTE
  Maintainer: ‘Zizhuo Ren<zizhuoren@gmail.com>’
  
  No Authors@R field in DESCRIPTION.
  Please add one, modifying
    Authors@R: c(person(given = "Zizhuo",
                        family = "Ren",
                        role = c("aut", "cre"),
                        email = "zizhuoren@gmail.com"),
                 person(given = "Hesen",
                        family = "Peng",
                        role = "aut"),
                 person(given = "Tianwei",
                        family = "Yu",
                        role = "aut"))
  as necessary.
Flavors: r-devel-linux-x86_64-debian-clang, r-devel-linux-x86_64-debian-gcc
Version: 1.0
Check: compiled code
Result: NOTE
  File ‘MediaK/libs/MediaK.so’:
    Found no calls to: ‘R_registerRoutines’, ‘R_useDynamicSymbols’
  
  It is good practice to register native routines and to disable symbol
  search.
  
  See ‘Writing portable packages’ in the ‘Writing R Extensions’ manual.
Flavors: r-devel-linux-x86_64-fedora-clang, r-devel-linux-x86_64-fedora-gcc
Version: 1.0
Check: LazyData
Result: NOTE
    'LazyData' is specified without a 'data' directory
Flavors: r-oldrel-macos-arm64, r-oldrel-macos-x86_64, r-oldrel-windows-x86_64