Last updated on 2025-10-31 13:50:55 CET.
| Flavor | Version | Tinstall | Tcheck | Ttotal | Status | Flags | 
|---|---|---|---|---|---|---|
| r-devel-linux-x86_64-debian-clang | 0.4.0 | 1.71 | 24.60 | 26.31 | NOTE | |
| r-devel-linux-x86_64-debian-gcc | 0.4.0 | 1.40 | 19.13 | 20.53 | NOTE | |
| r-devel-linux-x86_64-fedora-clang | 0.4.0 | 39.00 | OK | |||
| r-devel-linux-x86_64-fedora-gcc | 0.4.0 | 36.93 | OK | |||
| r-devel-windows-x86_64 | 0.4.0 | 2.00 | 45.00 | 47.00 | OK | |
| r-patched-linux-x86_64 | 0.4.0 | 2.07 | 23.31 | 25.38 | OK | |
| r-release-linux-x86_64 | 0.4.0 | 1.61 | 23.52 | 25.13 | OK | |
| r-release-macos-arm64 | 0.4.0 | 1.00 | 19.00 | 20.00 | OK | |
| r-release-macos-x86_64 | 0.4.0 | 2.00 | 25.00 | 27.00 | OK | |
| r-release-windows-x86_64 | 0.4.0 | 3.00 | 46.00 | 49.00 | OK | |
| r-oldrel-macos-arm64 | 0.4.0 | 1.00 | 14.00 | 15.00 | NOTE | |
| r-oldrel-macos-x86_64 | 0.4.0 | 2.00 | 26.00 | 28.00 | NOTE | |
| r-oldrel-windows-x86_64 | 0.4.0 | 3.00 | 51.00 | 54.00 | NOTE | 
Version: 0.4.0
Check: CRAN incoming feasibility
Result: NOTE
  Maintainer: ‘Nancy R Xu <nancyranxu@gmail.com>’
  
  Found the following \keyword or \concept entries
  which likely give several index terms:
    File ‘adjusted.predictors.Rd’:
      \keyword{micro-macro,}
      \keyword{modeling,}
    File ‘micromacro.lm.Rd’:
      \keyword{micro-macro,}
      \keyword{modeling,}
      \keyword{variables,}
    File ‘micromacro.summary.Rd’:
      \keyword{micro-macro,}
      \keyword{modeling,}
Flavors: r-devel-linux-x86_64-debian-clang, r-devel-linux-x86_64-debian-gcc
Version: 0.4.0
Check: LazyData
Result: NOTE
    'LazyData' is specified without a 'data' directory
Flavors: r-oldrel-macos-arm64, r-oldrel-macos-x86_64, r-oldrel-windows-x86_64