Last updated on 2025-10-31 13:50:56 CET.
| Flavor | Version | Tinstall | Tcheck | Ttotal | Status | Flags | 
|---|---|---|---|---|---|---|
| r-devel-linux-x86_64-debian-clang | 1.1.0 | 1.63 | 20.43 | 22.06 | NOTE | |
| r-devel-linux-x86_64-debian-gcc | 1.1.0 | 1.24 | 16.77 | 18.01 | NOTE | |
| r-devel-linux-x86_64-fedora-clang | 1.1.0 | 33.55 | OK | |||
| r-devel-linux-x86_64-fedora-gcc | 1.1.0 | 30.27 | OK | |||
| r-devel-windows-x86_64 | 1.1.0 | 3.00 | 42.00 | 45.00 | OK | |
| r-patched-linux-x86_64 | 1.1.0 | 1.69 | 19.19 | 20.88 | OK | |
| r-release-linux-x86_64 | 1.1.0 | 1.49 | 19.20 | 20.69 | OK | |
| r-release-macos-arm64 | 1.1.0 | 1.00 | 18.00 | 19.00 | OK | |
| r-release-macos-x86_64 | 1.1.0 | 2.00 | 25.00 | 27.00 | OK | |
| r-release-windows-x86_64 | 1.1.0 | 4.00 | 43.00 | 47.00 | OK | |
| r-oldrel-macos-arm64 | 1.1.0 | 1.00 | 13.00 | 14.00 | NOTE | |
| r-oldrel-macos-x86_64 | 1.1.0 | 2.00 | 21.00 | 23.00 | NOTE | |
| r-oldrel-windows-x86_64 | 1.1.0 | 2.00 | 42.00 | 44.00 | NOTE | 
Version: 1.1.0
Check: CRAN incoming feasibility
Result: NOTE
  Maintainer: ‘Joseph Lipoff <josephlipoff@msn.com>’
  
  No Authors@R field in DESCRIPTION.
  Please add one, modifying
    Authors@R: c(person(given = c("Joseph", "V."),
                        family = "Lipoff",
                        role = "aut"),
                 person(given = "Will",
                        family = "Pauls",
                        role = "aut"),
                 person(given = c("Kaylin", "C."),
                        family = "Dobbs",
                        role = "aut"),
                 person(given = c("Jordan", "L."),
                        family = "Jensen",
                        role = "aut"),
                 person(given = "Kevin",
                        family = "Woods",
                        role = "aut"),
                 person(given = c("Evan", "T."),
                        family = "Johnson",
                        role = "aut"),
                 person(given = c("Benjamin", "F."),
                        family = "Timson",
                        role = "aut"),
                 person(given = c("Scott", "D.", "Zimmerman,and", "Paul"),
                        family = "Plummer",
                        role = "aut"),
                 person(given = "Joseph",
                        family = "Lipoff",
                        role = "cre",
                        email = "josephlipoff@msn.com"))
  as necessary.
Flavors: r-devel-linux-x86_64-debian-clang, r-devel-linux-x86_64-debian-gcc
Version: 1.1.0
Check: LazyData
Result: NOTE
    'LazyData' is specified without a 'data' directory
Flavors: r-oldrel-macos-arm64, r-oldrel-macos-x86_64, r-oldrel-windows-x86_64