Last updated on 2025-10-31 13:50:56 CET.
| Flavor | Version | Tinstall | Tcheck | Ttotal | Status | Flags | 
|---|---|---|---|---|---|---|
| r-devel-linux-x86_64-debian-clang | 1.0.1 | 48.44 | 193.43 | 241.87 | OK | |
| r-devel-linux-x86_64-debian-gcc | 1.0.1 | 41.49 | 131.57 | 173.06 | OK | |
| r-devel-linux-x86_64-fedora-clang | 1.0.1 | 109.00 | 270.66 | 379.66 | OK | |
| r-devel-linux-x86_64-fedora-gcc | 1.0.1 | 387.00 | 25.62 | 412.62 | OK | |
| r-devel-windows-x86_64 | 1.0.1 | 52.00 | 228.00 | 280.00 | OK | |
| r-patched-linux-x86_64 | 1.0.1 | 50.44 | 186.54 | 236.98 | OK | |
| r-release-linux-x86_64 | 1.0.1 | 49.57 | 188.24 | 237.81 | OK | |
| r-release-macos-arm64 | 1.0.1 | 34.00 | 108.00 | 142.00 | OK | |
| r-release-macos-x86_64 | 1.0.1 | 97.00 | 304.00 | 401.00 | OK | |
| r-release-windows-x86_64 | 1.0.1 | 54.00 | 215.00 | 269.00 | OK | |
| r-oldrel-macos-arm64 | 1.0.1 | 33.00 | 90.00 | 123.00 | NOTE | |
| r-oldrel-macos-x86_64 | 1.0.1 | 87.00 | 323.00 | 410.00 | NOTE | |
| r-oldrel-windows-x86_64 | 1.0.1 | 67.00 | 285.00 | 352.00 | NOTE | 
Version: 1.0.1
Check: installed package size
Result: NOTE
    installed size is  8.7Mb
    sub-directories of 1Mb or more:
      data   7.7Mb
Flavors: r-oldrel-macos-arm64, r-oldrel-macos-x86_64, r-oldrel-windows-x86_64