Last updated on 2025-10-31 13:50:56 CET.
| Flavor | Version | Tinstall | Tcheck | Ttotal | Status | Flags | 
|---|---|---|---|---|---|---|
| r-devel-linux-x86_64-debian-clang | 0.2 | 3.92 | 33.21 | 37.13 | NOTE | |
| r-devel-linux-x86_64-debian-gcc | 0.2 | 2.63 | 24.91 | 27.54 | NOTE | |
| r-devel-linux-x86_64-fedora-clang | 0.2 | 57.20 | OK | |||
| r-devel-linux-x86_64-fedora-gcc | 0.2 | 52.86 | OK | |||
| r-devel-windows-x86_64 | 0.2 | 6.00 | 49.00 | 55.00 | OK | |
| r-patched-linux-x86_64 | 0.2 | 3.08 | 31.73 | 34.81 | OK | |
| r-release-linux-x86_64 | 0.2 | 3.74 | 31.51 | 35.25 | OK | |
| r-release-macos-arm64 | 0.2 | 2.00 | 19.00 | 21.00 | OK | |
| r-release-macos-x86_64 | 0.2 | 3.00 | 55.00 | 58.00 | OK | |
| r-release-windows-x86_64 | 0.2 | 6.00 | 51.00 | 57.00 | OK | |
| r-oldrel-macos-arm64 | 0.2 | 2.00 | 17.00 | 19.00 | OK | |
| r-oldrel-macos-x86_64 | 0.2 | 4.00 | 48.00 | 52.00 | OK | |
| r-oldrel-windows-x86_64 | 0.2 | 7.00 | 58.00 | 65.00 | OK | 
Version: 0.2
Check: CRAN incoming feasibility
Result: NOTE
  Maintainer: ‘Sean J Westwood <seanjw@stanford.edu>’
  
  No Authors@R field in DESCRIPTION.
  Please add one, modifying
    Authors@R: c(person(given = "Mike",
                        family = "Nowak",
                        role = "aut",
                        email = "michael.nowak@gmail.com"),
                 person(given = "Solomon",
                        family = "Messing",
                        role = "aut",
                        email = "solomon.messing@gmail.com"),
                 person(given = c("Sean", "J"),
                        family = "Westwood",
                        role = c("aut", "cre"),
                        email = "seanjw@stanford.edu"),
                 person(given = "Dan",
                        family = "McFarland",
                        role = "aut",
                        email = "dmcfarla@stanford.edu"))
  as necessary.
Flavors: r-devel-linux-x86_64-debian-clang, r-devel-linux-x86_64-debian-gcc