Last updated on 2025-10-31 13:50:56 CET.
| Flavor | Version | Tinstall | Tcheck | Ttotal | Status | Flags | 
|---|---|---|---|---|---|---|
| r-devel-linux-x86_64-debian-clang | 2.1 | 9.97 | 50.01 | 59.98 | NOTE | |
| r-devel-linux-x86_64-debian-gcc | 2.1 | 7.07 | 33.25 | 40.32 | NOTE | |
| r-devel-linux-x86_64-fedora-clang | 2.1 | 25.00 | 73.88 | 98.88 | OK | |
| r-devel-linux-x86_64-fedora-gcc | 2.1 | 22.00 | 66.04 | 88.04 | OK | |
| r-devel-windows-x86_64 | 2.1 | 10.00 | 61.00 | 71.00 | OK | |
| r-patched-linux-x86_64 | 2.1 | 9.41 | 46.88 | 56.29 | OK | |
| r-release-linux-x86_64 | 2.1 | 8.89 | 47.82 | 56.71 | OK | |
| r-release-macos-arm64 | 2.1 | 5.00 | 22.00 | 27.00 | OK | |
| r-release-macos-x86_64 | 2.1 | 9.00 | 38.00 | 47.00 | OK | |
| r-release-windows-x86_64 | 2.1 | 11.00 | 62.00 | 73.00 | OK | |
| r-oldrel-macos-arm64 | 2.1 | 4.00 | 20.00 | 24.00 | OK | |
| r-oldrel-macos-x86_64 | 2.1 | 7.00 | 35.00 | 42.00 | OK | |
| r-oldrel-windows-x86_64 | 2.1 | 11.00 | 62.00 | 73.00 | OK | 
Version: 2.1
Check: CRAN incoming feasibility
Result: NOTE
  Maintainer: ‘Saralees Nadarajah <Saralees.Nadarajah@manchester.ac.uk>’
  
  No Authors@R field in DESCRIPTION.
  Please add one, modifying
    Authors@R: c(person(given = "Saralees",
                        family = "Nadarajah",
                        role = c("aut", "cre"),
                        email = "saralees.nadarajah@manchester.ac.uk"),
                 person(given = "Ricardo",
                        family = "Rocha",
                        role = "aut"))
  as necessary.
Flavors: r-devel-linux-x86_64-debian-clang, r-devel-linux-x86_64-debian-gcc