Last updated on 2025-10-31 13:50:57 CET.
| Flavor | Version | Tinstall | Tcheck | Ttotal | Status | Flags | 
|---|---|---|---|---|---|---|
| r-devel-linux-x86_64-debian-clang | 1.0.0 | 1.66 | 17.87 | 19.53 | NOTE | |
| r-devel-linux-x86_64-debian-gcc | 1.0.0 | 1.41 | 14.96 | 16.37 | NOTE | |
| r-devel-linux-x86_64-fedora-clang | 1.0.0 | 30.75 | NOTE | |||
| r-devel-linux-x86_64-fedora-gcc | 1.0.0 | 27.91 | NOTE | |||
| r-devel-windows-x86_64 | 1.0.0 | 4.00 | 36.00 | 40.00 | NOTE | |
| r-patched-linux-x86_64 | 1.0.0 | 1.64 | 16.94 | 18.58 | NOTE | |
| r-release-linux-x86_64 | 1.0.0 | 1.48 | 16.98 | 18.46 | NOTE | |
| r-release-macos-arm64 | 1.0.0 | 1.00 | 12.00 | 13.00 | NOTE | |
| r-release-macos-x86_64 | 1.0.0 | 2.00 | 19.00 | 21.00 | NOTE | |
| r-release-windows-x86_64 | 1.0.0 | 4.00 | 38.00 | 42.00 | NOTE | |
| r-oldrel-macos-arm64 | 1.0.0 | 1.00 | 12.00 | 13.00 | NOTE | |
| r-oldrel-macos-x86_64 | 1.0.0 | 2.00 | 24.00 | 26.00 | NOTE | |
| r-oldrel-windows-x86_64 | 1.0.0 | 3.00 | 35.00 | 38.00 | NOTE | 
Version: 1.0.0
Check: CRAN incoming feasibility
Result: NOTE
  Maintainer: ‘John Snyder <jcs8v6@mail.missouri.edu>’
  
  No Authors@R field in DESCRIPTION.
  Please add one, modifying
    Authors@R: c(person(given = "Dan",
                        family = "Zheng",
                        role = "aut"),
                 person(given = "John",
                        family = "Snyder",
                        role = "cre",
                        email = "jcs8v6@mail.missouri.edu"))
  as necessary.
Flavors: r-devel-linux-x86_64-debian-clang, r-devel-linux-x86_64-debian-gcc
Version: 1.0.0
Check: Rd files
Result: NOTE
  checkRd: (-1) OBMb.Rd:28: Lost braces in \itemize; \value handles \item{}{} directly
  checkRd: (-1) OBMb.Rd:29: Lost braces in \itemize; \value handles \item{}{} directly
  checkRd: (-1) OBMb.Rd:30: Lost braces in \itemize; \value handles \item{}{} directly
  checkRd: (-1) OBMb.Rd:31: Lost braces in \itemize; \value handles \item{}{} directly
  checkRd: (-1) OBMb.Rd:32: Lost braces in \itemize; \value handles \item{}{} directly
  checkRd: (-1) OBMb.Rd:33: Lost braces in \itemize; \value handles \item{}{} directly
Flavors: r-devel-linux-x86_64-debian-clang, r-devel-linux-x86_64-debian-gcc, r-devel-linux-x86_64-fedora-clang, r-devel-linux-x86_64-fedora-gcc, r-devel-windows-x86_64, r-patched-linux-x86_64, r-release-linux-x86_64, r-release-macos-arm64, r-release-macos-x86_64, r-release-windows-x86_64, r-oldrel-macos-arm64, r-oldrel-macos-x86_64, r-oldrel-windows-x86_64
Version: 1.0.0
Check: LazyData
Result: NOTE
    'LazyData' is specified without a 'data' directory
Flavors: r-oldrel-macos-arm64, r-oldrel-macos-x86_64, r-oldrel-windows-x86_64