Last updated on 2025-10-31 13:50:57 CET.
| Flavor | Version | Tinstall | Tcheck | Ttotal | Status | Flags | 
|---|---|---|---|---|---|---|
| r-devel-linux-x86_64-debian-clang | 1.1.2 | 2.56 | 37.08 | 39.64 | NOTE | |
| r-devel-linux-x86_64-debian-gcc | 1.1.2 | 2.07 | 30.32 | 32.39 | NOTE | |
| r-devel-linux-x86_64-fedora-clang | 1.1.2 | 60.07 | OK | |||
| r-devel-linux-x86_64-fedora-gcc | 1.1.2 | 55.51 | OK | |||
| r-devel-windows-x86_64 | 1.1.2 | 5.00 | 62.00 | 67.00 | OK | |
| r-patched-linux-x86_64 | 1.1.2 | 2.56 | 34.99 | 37.55 | OK | |
| r-release-linux-x86_64 | 1.1.2 | 2.39 | 35.16 | 37.55 | OK | |
| r-release-macos-arm64 | 1.1.2 | 1.00 | 25.00 | 26.00 | OK | |
| r-release-macos-x86_64 | 1.1.2 | 2.00 | 35.00 | 37.00 | OK | |
| r-release-windows-x86_64 | 1.1.2 | 3.00 | 56.00 | 59.00 | OK | |
| r-oldrel-macos-arm64 | 1.1.2 | 1.00 | 20.00 | 21.00 | OK | |
| r-oldrel-macos-x86_64 | 1.1.2 | 2.00 | 27.00 | 29.00 | OK | |
| r-oldrel-windows-x86_64 | 1.1.2 | 5.00 | 55.00 | 60.00 | OK | 
Version: 1.1.2
Check: CRAN incoming feasibility
Result: NOTE
  Maintainer: ‘Alexandra Linz <amlinz16@gmail.com>’
  
  No Authors@R field in DESCRIPTION.
  Please add one, modifying
    Authors@R: person(given = "Alexandra",
                      family = "Linz",
                      role = c("aut", "cre"),
                      email = "amlinz16@gmail.com")
  as necessary.
Flavors: r-devel-linux-x86_64-debian-clang, r-devel-linux-x86_64-debian-gcc