Last updated on 2025-07-08 13:49:15 CEST.
Flavor | Version | Tinstall | Tcheck | Ttotal | Status | Flags |
---|---|---|---|---|---|---|
r-devel-linux-x86_64-debian-clang | 2.10 | 14.67 | 238.31 | 252.98 | NOTE | |
r-devel-linux-x86_64-debian-gcc | 2.10 | 9.78 | 158.29 | 168.07 | NOTE | |
r-devel-linux-x86_64-fedora-clang | 2.10 | 414.40 | OK | |||
r-devel-linux-x86_64-fedora-gcc | 2.10 | 402.08 | OK | |||
r-devel-windows-x86_64 | 2.10 | 15.00 | 228.00 | 243.00 | OK | |
r-patched-linux-x86_64 | 2.10 | 14.64 | 230.44 | 245.08 | OK | |
r-release-linux-x86_64 | 2.10 | 13.82 | 225.85 | 239.67 | OK | |
r-release-macos-arm64 | 2.10 | 118.00 | OK | |||
r-release-macos-x86_64 | 2.10 | 253.00 | OK | |||
r-release-windows-x86_64 | 2.10 | 17.00 | 231.00 | 248.00 | OK | |
r-oldrel-macos-arm64 | 2.10 | 100.00 | OK | |||
r-oldrel-macos-x86_64 | 2.10 | 163.00 | OK | |||
r-oldrel-windows-x86_64 | 2.10 | 21.00 | 300.00 | 321.00 | OK |
Version: 2.10
Check: CRAN incoming feasibility
Result: NOTE
Maintainer: ‘Jeremy Beaulieu <jmbeauli@uark.edu>’
No Authors@R field in DESCRIPTION.
Please add one, modifying
Authors@R: c(person(given = c("Jeremy", "M."),
family = "Beaulieu",
role = "aut",
email = "jmbeauli@uark.edu"),
person(given = "Brian",
family = "O'Meara",
role = "aut",
email = "bomeara@utk.edu"),
person(given = "Jeremy",
family = "Beaulieu",
role = "cre",
email = "jmbeauli@uark.edu"))
as necessary.
Flavors: r-devel-linux-x86_64-debian-clang, r-devel-linux-x86_64-debian-gcc