Last updated on 2025-10-31 13:50:57 CET.
| Flavor | Version | Tinstall | Tcheck | Ttotal | Status | Flags | 
|---|---|---|---|---|---|---|
| r-devel-linux-x86_64-debian-clang | 0.1.0 | 5.50 | 51.77 | 57.27 | OK | |
| r-devel-linux-x86_64-debian-gcc | 0.1.0 | 3.41 | 39.14 | 42.55 | OK | |
| r-devel-linux-x86_64-fedora-clang | 0.1.0 | 21.00 | 73.74 | 94.74 | OK | |
| r-devel-linux-x86_64-fedora-gcc | 0.1.0 | 40.00 | 65.95 | 105.95 | OK | |
| r-devel-windows-x86_64 | 0.1.0 | 10.00 | 82.00 | 92.00 | OK | |
| r-patched-linux-x86_64 | 0.1.0 | 4.20 | 47.98 | 52.18 | OK | |
| r-release-linux-x86_64 | 0.1.0 | 4.98 | 48.19 | 53.17 | OK | |
| r-release-macos-arm64 | 0.1.0 | 2.00 | 45.00 | 47.00 | OK | |
| r-release-macos-x86_64 | 0.1.0 | 8.00 | 118.00 | 126.00 | OK | |
| r-release-windows-x86_64 | 0.1.0 | 6.00 | 68.00 | 74.00 | OK | |
| r-oldrel-macos-arm64 | 0.1.0 | 2.00 | 38.00 | 40.00 | OK | |
| r-oldrel-macos-x86_64 | 0.1.0 | 13.00 | ERROR | |||
| r-oldrel-windows-x86_64 | 0.1.0 | 10.00 | 81.00 | 91.00 | OK | 
Version: 0.1.0
Check: package dependencies
Result: ERROR
  Package required and available but unsuitable version: ‘omopgenerics’
  
  See section ‘The DESCRIPTION file’ in the ‘Writing R Extensions’
  manual.
Flavor: r-oldrel-macos-x86_64