Last updated on 2025-10-31 13:50:57 CET.
| Flavor | Version | Tinstall | Tcheck | Ttotal | Status | Flags | 
|---|---|---|---|---|---|---|
| r-devel-linux-x86_64-debian-clang | 1.0 | 1.93 | 24.05 | 25.98 | NOTE | |
| r-devel-linux-x86_64-debian-gcc | 1.0 | 1.54 | 20.13 | 21.67 | NOTE | |
| r-devel-linux-x86_64-fedora-clang | 1.0 | 40.01 | OK | |||
| r-devel-linux-x86_64-fedora-gcc | 1.0 | 49.90 | OK | |||
| r-devel-windows-x86_64 | 1.0 | 3.00 | 47.00 | 50.00 | OK | |
| r-patched-linux-x86_64 | 1.0 | 2.11 | 22.87 | 24.98 | OK | |
| r-release-linux-x86_64 | 1.0 | 1.83 | 22.98 | 24.81 | OK | |
| r-release-macos-arm64 | 1.0 | 1.00 | 22.00 | 23.00 | OK | |
| r-release-macos-x86_64 | 1.0 | 2.00 | 39.00 | 41.00 | OK | |
| r-release-windows-x86_64 | 1.0 | 4.00 | 50.00 | 54.00 | OK | |
| r-oldrel-macos-arm64 | 1.0 | 1.00 | 20.00 | 21.00 | OK | |
| r-oldrel-macos-x86_64 | 1.0 | 1.00 | 29.00 | 30.00 | OK | |
| r-oldrel-windows-x86_64 | 1.0 | 3.00 | 49.00 | 52.00 | OK | 
Version: 1.0
Check: CRAN incoming feasibility
Result: NOTE
  Maintainer: ‘Yi-Hui Zhou <yihui_zhou@ncsu.edu>’
  
  No Authors@R field in DESCRIPTION.
  Please add one, modifying
    Authors@R: person(given = "Yi-Hui",
                      family = "Zhou",
                      role = c("aut", "cre"),
                      email = "yihui_zhou@ncsu.edu")
  as necessary.
Flavors: r-devel-linux-x86_64-debian-clang, r-devel-linux-x86_64-debian-gcc