Last updated on 2025-10-31 13:50:57 CET.
| Flavor | Version | Tinstall | Tcheck | Ttotal | Status | Flags | 
|---|---|---|---|---|---|---|
| r-devel-linux-x86_64-debian-clang | 0.5.0 | 2.01 | 23.72 | 25.73 | NOTE | |
| r-devel-linux-x86_64-debian-gcc | 0.5.0 | 1.60 | 19.44 | 21.04 | NOTE | |
| r-devel-linux-x86_64-fedora-clang | 0.5.0 | 38.72 | OK | |||
| r-devel-linux-x86_64-fedora-gcc | 0.5.0 | 35.81 | OK | |||
| r-devel-windows-x86_64 | 0.5.0 | 3.00 | 46.00 | 49.00 | OK | |
| r-patched-linux-x86_64 | 0.5.0 | 2.13 | 22.42 | 24.55 | OK | |
| r-release-linux-x86_64 | 0.5.0 | 1.98 | 22.73 | 24.71 | OK | |
| r-release-macos-arm64 | 0.5.0 | 1.00 | 16.00 | 17.00 | OK | |
| r-release-macos-x86_64 | 0.5.0 | 2.00 | 25.00 | 27.00 | OK | |
| r-release-windows-x86_64 | 0.5.0 | 4.00 | 50.00 | 54.00 | OK | |
| r-oldrel-macos-arm64 | 0.5.0 | 1.00 | 14.00 | 15.00 | OK | |
| r-oldrel-macos-x86_64 | 0.5.0 | 2.00 | 19.00 | 21.00 | OK | |
| r-oldrel-windows-x86_64 | 0.5.0 | 3.00 | 52.00 | 55.00 | OK | 
Version: 0.5.0
Check: CRAN incoming feasibility
Result: NOTE
  Maintainer: ‘H. Robert Frost <rob.frost@dartmouth.edu>’
  
  No Authors@R field in DESCRIPTION.
  Please add one, modifying
    Authors@R: person(given = c("H.", "Robert"),
                      family = "Frost",
                      role = c("aut", "cre"),
                      email = "rob.frost@dartmouth.edu")
  as necessary.
Flavors: r-devel-linux-x86_64-debian-clang, r-devel-linux-x86_64-debian-gcc