Last updated on 2025-10-31 13:50:58 CET.
| Flavor | Version | Tinstall | Tcheck | Ttotal | Status | Flags | 
|---|---|---|---|---|---|---|
| r-devel-linux-x86_64-debian-clang | 1.0.11 | 2.77 | 27.53 | 30.30 | NOTE | |
| r-devel-linux-x86_64-debian-gcc | 1.0.11 | 2.08 | 21.43 | 23.51 | NOTE | |
| r-devel-linux-x86_64-fedora-clang | 1.0.11 | 45.41 | NOTE | |||
| r-devel-linux-x86_64-fedora-gcc | 1.0.11 | 41.26 | NOTE | |||
| r-devel-windows-x86_64 | 1.0.11 | 5.00 | 46.00 | 51.00 | NOTE | |
| r-patched-linux-x86_64 | 1.0.11 | 3.27 | 25.54 | 28.81 | NOTE | |
| r-release-linux-x86_64 | 1.0.11 | 2.91 | 25.78 | 28.69 | NOTE | |
| r-release-macos-arm64 | 1.0.11 | 1.00 | 16.00 | 17.00 | NOTE | |
| r-release-macos-x86_64 | 1.0.11 | 3.00 | 38.00 | 41.00 | NOTE | |
| r-release-windows-x86_64 | 1.0.11 | 4.00 | 46.00 | 50.00 | NOTE | |
| r-oldrel-macos-arm64 | 1.0.11 | 1.00 | 15.00 | 16.00 | NOTE | |
| r-oldrel-macos-x86_64 | 1.0.11 | 4.00 | 31.00 | 35.00 | NOTE | |
| r-oldrel-windows-x86_64 | 1.0.11 | 4.00 | 46.00 | 50.00 | NOTE | 
Version: 1.0.11
Check: CRAN incoming feasibility
Result: NOTE
  Maintainer: ‘Ramon Diaz-Uriarte <rdiaz02@gmail.com>’
  
  No Authors@R field in DESCRIPTION.
  Please add one, modifying
    Authors@R: c(person(given = "Ramon",
                        family = "Diaz-Uriarte",
                        role = c("aut", "cre"),
                        email = "rdiaz@cnio.es"),
                 person(given = "Theodore",
                        family = "Garland",
                        role = "aut"),
                 person(family = "Jr",
                        role = "aut",
                        email = "theodore.garland@ucr.edu"))
  as necessary.
Flavors: r-devel-linux-x86_64-debian-clang, r-devel-linux-x86_64-debian-gcc
Version: 1.0.11
Check: Rd files
Result: NOTE
  checkRd: (-1) GarlandJanis.IC.Rd:4: Escaped LaTeX specials: \&
  checkRd: (-1) GarlandJanis.IC.Rd:6: Escaped LaTeX specials: \&
  checkRd: (-1) GarlandJanis.Original.Rd:4: Escaped LaTeX specials: \&
  checkRd: (-1) GarlandJanis.Original.Rd:6: Escaped LaTeX specials: \&
  checkRd: (-1) GarlandJanis.varcov.Rd:3: Escaped LaTeX specials: \&
  checkRd: (-1) GarlandJanis.varcov.Rd:5: Escaped LaTeX specials: \&
  checkRd: (-1) GarlandJanis.varcov.Rd:7: Escaped LaTeX specials: \&
Flavors: r-devel-linux-x86_64-debian-clang, r-devel-linux-x86_64-debian-gcc, r-devel-linux-x86_64-fedora-clang, r-devel-linux-x86_64-fedora-gcc, r-devel-windows-x86_64, r-patched-linux-x86_64, r-release-linux-x86_64, r-release-macos-arm64, r-release-macos-x86_64, r-release-windows-x86_64, r-oldrel-macos-arm64, r-oldrel-macos-x86_64, r-oldrel-windows-x86_64